CRAN Package Check Results for Package CerioliOutlierDetection

Last updated on 2021-07-25 08:50:50 CEST.

Flavor Version Tinstall Tcheck Ttotal Status Flags
r-devel-linux-x86_64-debian-clang 1.1.9 2.27 26.63 28.90 NOTE
r-devel-linux-x86_64-debian-gcc 1.1.9 2.00 21.38 23.38 NOTE
r-devel-linux-x86_64-fedora-clang 1.1.9 45.09 NOTE
r-devel-linux-x86_64-fedora-gcc 1.1.9 34.31 NOTE
r-devel-windows-x86_64 1.1.9 4.00 34.00 38.00 OK
r-devel-windows-x86_64-gcc10-UCRT 1.1.9 NOTE
r-patched-linux-x86_64 1.1.9 4.61 25.63 30.24 NOTE
r-patched-solaris-x86 1.1.9 54.70 NOTE
r-release-linux-x86_64 1.1.9 2.29 25.66 27.95 NOTE
r-release-macos-arm64 1.1.9 NOTE
r-release-macos-x86_64 1.1.9 NOTE
r-release-windows-ix86+x86_64 1.1.9 5.00 42.00 47.00 OK
r-oldrel-macos-x86_64 1.1.9 OK
r-oldrel-windows-ix86+x86_64 1.1.9 14.00 41.00 55.00 OK

Check Details

Version: 1.1.9
Check: package dependencies
Result: NOTE
    Package suggested but not available for checking: 'alr3'
Flavors: r-devel-linux-x86_64-debian-clang, r-devel-linux-x86_64-debian-gcc, r-devel-linux-x86_64-fedora-clang, r-devel-linux-x86_64-fedora-gcc, r-devel-windows-x86_64-gcc10-UCRT, r-patched-linux-x86_64, r-patched-solaris-x86, r-release-linux-x86_64, r-release-macos-arm64, r-release-macos-x86_64