CRAN Package Check Results for Package ChangePointTaylor

Last updated on 2021-05-09 08:50:12 CEST.

Flavor Version Tinstall Tcheck Ttotal Status Flags
r-devel-linux-x86_64-debian-clang 0.1.1 47.33 47.51 94.84 OK
r-devel-linux-x86_64-debian-gcc 0.1.1 24.58 36.32 60.90 OK
r-devel-linux-x86_64-fedora-clang 0.1.1 129.62 NOTE
r-devel-linux-x86_64-fedora-gcc 0.1.1 107.99 NOTE
r-devel-windows-ix86+x86_64 0.1.1 93.00 212.00 305.00 OK
r-devel-windows-x86_64-gcc10-UCRT 0.1.1 NOTE
r-patched-linux-x86_64 0.1.1 31.09 45.77 76.86 OK
r-patched-solaris-x86 0.1.1 120.40 NOTE
r-release-linux-x86_64 0.1.1 25.61 45.78 71.39 OK
r-release-macos-x86_64 0.1.1 NOTE
r-release-windows-ix86+x86_64 0.1.1 70.00 138.00 208.00 OK
r-oldrel-macos-x86_64 0.1.1 NOTE
r-oldrel-windows-ix86+x86_64 0.1.1 88.00 190.00 278.00 OK

Check Details

Version: 0.1.1
Check: dependencies in R code
Result: NOTE
    Namespaces in Imports field not imported from:
     ‘bench’ ‘ggplot2’
     All declared Imports should be used.
Flavors: r-devel-linux-x86_64-fedora-clang, r-devel-linux-x86_64-fedora-gcc, r-devel-windows-x86_64-gcc10-UCRT, r-patched-solaris-x86, r-release-macos-x86_64, r-oldrel-macos-x86_64