CRAN Package Check Results for Package ChangePointTaylor

Last updated on 2024-04-12 08:55:43 CEST.

Flavor Version Tinstall Tcheck Ttotal Status Flags
r-devel-linux-x86_64-debian-clang 0.2 49.36 66.77 116.13 NOTE
r-devel-linux-x86_64-debian-gcc 0.2 31.70 47.18 78.88 NOTE
r-devel-linux-x86_64-fedora-clang 0.2 157.68 NOTE
r-devel-linux-x86_64-fedora-gcc 0.2 158.34 NOTE
r-devel-windows-x86_64 0.2 36.00 123.00 159.00 NOTE
r-patched-linux-x86_64 0.2 40.89 62.83 103.72 NOTE
r-release-linux-x86_64 0.2 39.50 67.03 106.53 OK
r-release-macos-arm64 0.2 168.00 OK
r-release-macos-x86_64 0.2 231.00 OK
r-release-windows-x86_64 0.2 47.00 404.00 451.00 OK
r-oldrel-macos-arm64 0.2 142.00 NOTE
r-oldrel-windows-x86_64 0.2 42.00 407.00 449.00 OK

Check Details

Version: 0.2
Check: Rd metadata
Result: NOTE Invalid package aliases in Rd file 'ChangePointAnalyzer-package.Rd': ‘ChangePointAnalyzer-package’ Flavors: r-devel-linux-x86_64-debian-clang, r-devel-linux-x86_64-debian-gcc, r-devel-linux-x86_64-fedora-clang, r-devel-linux-x86_64-fedora-gcc, r-devel-windows-x86_64, r-patched-linux-x86_64

Version: 0.2
Check: Rd contents
Result: NOTE Auto-generated content requiring editing in Rd file 'ChangePointAnalyzer-package.Rd': \references: ‘This optional section can contain literature or other refere...’ \seealso: ‘Optional links to other man pages’ \examples: ‘\dontrun{ ## Optional simple examples of the most impor...’ Flavors: r-devel-linux-x86_64-debian-clang, r-devel-linux-x86_64-debian-gcc, r-devel-linux-x86_64-fedora-clang, r-devel-linux-x86_64-fedora-gcc, r-devel-windows-x86_64, r-patched-linux-x86_64

Version: 0.2
Check: dependencies in R code
Result: NOTE Namespaces in Imports field not imported from: ‘bench’ ‘ggplot2’ All declared Imports should be used. Flavors: r-devel-linux-x86_64-fedora-clang, r-devel-linux-x86_64-fedora-gcc, r-oldrel-macos-arm64