Last updated on 2024-03-12 07:49:49 CET.
Flavor | Version | Tinstall | Tcheck | Ttotal | Status | Flags |
---|---|---|---|---|---|---|
r-devel-linux-x86_64-debian-clang | 1.3 | 7.16 | 55.58 | 62.74 | NOTE | |
r-devel-linux-x86_64-debian-gcc | 1.3 | 5.24 | 43.35 | 48.59 | NOTE | |
r-devel-linux-x86_64-fedora-clang | 1.3 | 81.12 | NOTE | |||
r-devel-linux-x86_64-fedora-gcc | 1.3 | 74.76 | NOTE | |||
r-devel-windows-x86_64 | 1.3 | 7.00 | 59.00 | 66.00 | NOTE | |
r-patched-linux-x86_64 | 1.3 | 5.13 | 53.45 | 58.58 | NOTE | |
r-release-linux-x86_64 | 1.3 | 7.05 | 54.08 | 61.13 | NOTE | |
r-release-macos-arm64 | 1.3 | 29.00 | NOTE | |||
r-release-macos-x86_64 | 1.3 | 41.00 | NOTE | |||
r-release-windows-x86_64 | 1.3 | 10.00 | 67.00 | 77.00 | NOTE | |
r-oldrel-macos-arm64 | 1.3 | 26.00 | NOTE | |||
r-oldrel-windows-x86_64 | 1.3 | 9.00 | 74.00 | 83.00 | NOTE |
Version: 1.3
Check: LazyData
Result: NOTE
'LazyData' is specified without a 'data' directory
Flavors: r-devel-linux-x86_64-debian-clang, r-devel-linux-x86_64-debian-gcc, r-devel-linux-x86_64-fedora-clang, r-devel-linux-x86_64-fedora-gcc, r-devel-windows-x86_64, r-patched-linux-x86_64, r-release-linux-x86_64, r-release-macos-arm64, r-release-macos-x86_64, r-release-windows-x86_64, r-oldrel-macos-arm64, r-oldrel-windows-x86_64