Last updated on 2024-04-23 08:57:41 CEST.
Flavor | Version | Tinstall | Tcheck | Ttotal | Status | Flags |
---|---|---|---|---|---|---|
r-devel-linux-x86_64-debian-clang | 0.9.0 | 171.37 | 50.73 | 222.10 | NOTE | |
r-devel-linux-x86_64-debian-gcc | 0.9.0 | 137.71 | 38.43 | 176.14 | NOTE | |
r-devel-linux-x86_64-fedora-clang | 0.9.0 | 340.42 | NOTE | |||
r-devel-linux-x86_64-fedora-gcc | 0.9.0 | 331.78 | NOTE | |||
r-prerel-macos-arm64 | 0.9.0 | 59.00 | NOTE | |||
r-prerel-windows-x86_64 | 0.9.0 | 132.00 | 91.00 | 223.00 | NOTE | |
r-patched-linux-x86_64 | 0.9.0 | 181.97 | 50.00 | 231.97 | NOTE | |
r-release-linux-x86_64 | 0.9.0 | 163.24 | 49.56 | 212.80 | NOTE | |
r-release-macos-arm64 | 0.9.0 | 81.00 | NOTE | |||
r-release-macos-x86_64 | 0.9.0 | 129.00 | NOTE | |||
r-release-windows-x86_64 | 0.9.0 | 165.00 | 102.00 | 267.00 | NOTE | |
r-oldrel-macos-arm64 | 0.9.0 | 69.00 | NOTE | |||
r-oldrel-windows-x86_64 | 0.9.0 | 162.00 | 94.00 | 256.00 | OK |
Version: 0.9.0
Check: C++ specification
Result: NOTE
Specified C++11: please drop specification unless essential
Flavors: r-devel-linux-x86_64-debian-clang, r-devel-linux-x86_64-debian-gcc, r-devel-linux-x86_64-fedora-clang, r-devel-linux-x86_64-fedora-gcc, r-prerel-macos-arm64, r-prerel-windows-x86_64, r-patched-linux-x86_64, r-release-linux-x86_64, r-release-macos-arm64, r-release-macos-x86_64, r-release-windows-x86_64
Version: 0.9.0
Check: dependencies in R code
Result: NOTE
Namespaces in Imports field not imported from:
‘RInside’ ‘circular’
All declared Imports should be used.
Flavors: r-devel-linux-x86_64-fedora-clang, r-devel-linux-x86_64-fedora-gcc, r-oldrel-macos-arm64
Version: 0.9.0
Check: installed package size
Result: NOTE
installed size is 7.1Mb
sub-directories of 1Mb or more:
data 1.8Mb
libs 4.7Mb
Flavors: r-prerel-macos-arm64, r-release-macos-arm64, r-release-macos-x86_64, r-oldrel-macos-arm64