Last updated on 2024-03-12 07:49:49 CET.
Flavor | Version | Tinstall | Tcheck | Ttotal | Status | Flags |
---|---|---|---|---|---|---|
r-devel-linux-x86_64-debian-clang | 0.2-6 | 3.83 | 36.04 | 39.87 | NOTE | |
r-devel-linux-x86_64-debian-gcc | 0.2-6 | 3.60 | 27.96 | 31.56 | NOTE | |
r-devel-linux-x86_64-fedora-clang | 0.2-6 | 51.54 | NOTE | |||
r-devel-linux-x86_64-fedora-gcc | 0.2-6 | 49.05 | NOTE | |||
r-devel-windows-x86_64 | 0.2-6 | 6.00 | 56.00 | 62.00 | NOTE | |
r-patched-linux-x86_64 | 0.2-6 | 5.69 | 33.97 | 39.66 | OK | |
r-release-linux-x86_64 | 0.2-6 | 4.29 | 34.71 | 39.00 | OK | |
r-release-macos-arm64 | 0.2-6 | 21.00 | OK | |||
r-release-macos-x86_64 | 0.2-6 | 27.00 | OK | |||
r-release-windows-x86_64 | 0.2-6 | 7.00 | 53.00 | 60.00 | OK | |
r-oldrel-macos-arm64 | 0.2-6 | 20.00 | OK | |||
r-oldrel-windows-x86_64 | 0.2-6 | 7.00 | 59.00 | 66.00 | OK |
Version: 0.2-6
Check: Rd files
Result: NOTE
checkRd: (-1) rstable.Rd:42: Lost braces
42 | Lo\"{g}ae\"{v}e, M. (1977). Probability Theory I. (fourth edition) Springer-Verlag, New York.
| ^
checkRd: (-1) rstable.Rd:42: Lost braces
42 | Lo\"{g}ae\"{v}e, M. (1977). Probability Theory I. (fourth edition) Springer-Verlag, New York.
| ^
Flavors: r-devel-linux-x86_64-debian-clang, r-devel-linux-x86_64-debian-gcc, r-devel-linux-x86_64-fedora-clang, r-devel-linux-x86_64-fedora-gcc, r-devel-windows-x86_64