Last updated on 2024-03-12 07:49:50 CET.
Flavor | Version | Tinstall | Tcheck | Ttotal | Status | Flags |
---|---|---|---|---|---|---|
r-devel-linux-x86_64-debian-clang | 0.1.0 | 17.31 | 133.04 | 150.35 | NOTE | |
r-devel-linux-x86_64-debian-gcc | 0.1.0 | 12.57 | 101.50 | 114.07 | NOTE | |
r-devel-linux-x86_64-fedora-clang | 0.1.0 | 189.10 | NOTE | |||
r-devel-linux-x86_64-fedora-gcc | 0.1.0 | 179.59 | NOTE | |||
r-devel-windows-x86_64 | 0.1.0 | 14.00 | 112.00 | 126.00 | NOTE | |
r-patched-linux-x86_64 | 0.1.0 | 11.08 | 124.01 | 135.09 | OK | |
r-release-linux-x86_64 | 0.1.0 | 11.30 | 130.42 | 141.72 | OK | |
r-release-macos-arm64 | 0.1.0 | 62.00 | OK | |||
r-release-macos-x86_64 | 0.1.0 | 91.00 | OK | |||
r-release-windows-x86_64 | 0.1.0 | 19.00 | 135.00 | 154.00 | OK | |
r-oldrel-macos-arm64 | 0.1.0 | 51.00 | OK | |||
r-oldrel-windows-x86_64 | 0.1.0 | 20.00 | 139.00 | 159.00 | OK |
Version: 0.1.0
Check: Rd files
Result: NOTE
checkRd: (-1) RAWgrid.Rd:58: Lost braces
58 | {Event rate outside RAW interval, widen RAW interval}{If no or too cases are inside RAW interval [R_{l},R_{u}], cross-validation procedure may not be stable, so this warning indicates RAW interval should widen to include more cases.}
| ^
checkRd: (-1) RAWgrid.Rd:58: Lost braces; missing escapes or markup?
58 | {Event rate outside RAW interval, widen RAW interval}{If no or too cases are inside RAW interval [R_{l},R_{u}], cross-validation procedure may not be stable, so this warning indicates RAW interval should widen to include more cases.}
| ^
checkRd: (-1) RAWgrid.Rd:58: Lost braces; missing escapes or markup?
58 | {Event rate outside RAW interval, widen RAW interval}{If no or too cases are inside RAW interval [R_{l},R_{u}], cross-validation procedure may not be stable, so this warning indicates RAW interval should widen to include more cases.}
| ^
checkRd: (-1) cvReptWtTuning.Rd:33: Lost braces; missing escapes or markup?
33 | Parameter to be selected via cross-validation. Can be either \eqn{delta} the weight assigned to observations outside the clinically relevant region [R_{l},R_{u}], or the \eqn{lambda} tuning parameter controlling exponential decay within the clinically relevant region [R_{l},R_{u}]}
| ^
checkRd: (-1) cvReptWtTuning.Rd:33: Lost braces; missing escapes or markup?
33 | Parameter to be selected via cross-validation. Can be either \eqn{delta} the weight assigned to observations outside the clinically relevant region [R_{l},R_{u}], or the \eqn{lambda} tuning parameter controlling exponential decay within the clinically relevant region [R_{l},R_{u}]}
| ^
checkRd: (-1) cvReptWtTuning.Rd:33: Lost braces; missing escapes or markup?
33 | Parameter to be selected via cross-validation. Can be either \eqn{delta} the weight assigned to observations outside the clinically relevant region [R_{l},R_{u}], or the \eqn{lambda} tuning parameter controlling exponential decay within the clinically relevant region [R_{l},R_{u}]}
| ^
checkRd: (-1) cvReptWtTuning.Rd:33: Lost braces; missing escapes or markup?
33 | Parameter to be selected via cross-validation. Can be either \eqn{delta} the weight assigned to observations outside the clinically relevant region [R_{l},R_{u}], or the \eqn{lambda} tuning parameter controlling exponential decay within the clinically relevant region [R_{l},R_{u}]}
| ^
checkRd: (-1) cvWtTuning.Rd:28: Lost braces; missing escapes or markup?
28 | Parameter to be selected via cross-validation. Can be either \eqn{delta} the weight assigned to observations outside the clinically relevant region [R_{l},R_{u}], or the \eqn{lambda} tuning parameter controlling exponential decay within the clinically relevant region [R_{l},R_{u}]}
| ^
checkRd: (-1) cvWtTuning.Rd:28: Lost braces; missing escapes or markup?
28 | Parameter to be selected via cross-validation. Can be either \eqn{delta} the weight assigned to observations outside the clinically relevant region [R_{l},R_{u}], or the \eqn{lambda} tuning parameter controlling exponential decay within the clinically relevant region [R_{l},R_{u}]}
| ^
checkRd: (-1) cvWtTuning.Rd:28: Lost braces; missing escapes or markup?
28 | Parameter to be selected via cross-validation. Can be either \eqn{delta} the weight assigned to observations outside the clinically relevant region [R_{l},R_{u}], or the \eqn{lambda} tuning parameter controlling exponential decay within the clinically relevant region [R_{l},R_{u}]}
| ^
checkRd: (-1) cvWtTuning.Rd:28: Lost braces; missing escapes or markup?
28 | Parameter to be selected via cross-validation. Can be either \eqn{delta} the weight assigned to observations outside the clinically relevant region [R_{l},R_{u}], or the \eqn{lambda} tuning parameter controlling exponential decay within the clinically relevant region [R_{l},R_{u}]}
| ^
Flavors: r-devel-linux-x86_64-debian-clang, r-devel-linux-x86_64-debian-gcc, r-devel-linux-x86_64-fedora-clang, r-devel-linux-x86_64-fedora-gcc, r-devel-windows-x86_64