CRAN Package Check Results for Package CoNI

Last updated on 2024-06-18 08:55:23 CEST.

Flavor Version Tinstall Tcheck Ttotal Status Flags
r-devel-linux-x86_64-debian-clang 0.1.0 29.56 351.45 381.01 NOTE
r-devel-linux-x86_64-debian-gcc 0.1.0 26.40 256.16 282.56 NOTE
r-devel-linux-x86_64-fedora-clang 0.1.0 507.93 NOTE
r-devel-linux-x86_64-fedora-gcc 0.1.0 468.14 NOTE
r-devel-windows-x86_64 0.1.0 30.00 242.00 272.00 NOTE
r-patched-linux-x86_64 0.1.0 32.22 331.26 363.48 NOTE
r-release-linux-x86_64 0.1.0 22.23 330.83 353.06 NOTE
r-release-macos-arm64 0.1.0 148.00 NOTE
r-release-macos-x86_64 0.1.0 211.00 NOTE
r-release-windows-x86_64 0.1.0 28.00 241.00 269.00 NOTE
r-oldrel-macos-arm64 0.1.0 142.00 OK
r-oldrel-macos-x86_64 0.1.0 254.00 OK
r-oldrel-windows-x86_64 0.1.0 41.00 322.00 363.00 OK

Check Details

Version: 0.1.0
Check: Rd files
Result: NOTE checkRd: (-1) NetStats.Rd:15: Lost braces in \itemize; \value handles \item{}{} directly checkRd: (-1) NetStats.Rd:16: Lost braces in \itemize; \value handles \item{}{} directly checkRd: (-1) NetStats.Rd:17: Lost braces in \itemize; \value handles \item{}{} directly checkRd: (-1) NetStats.Rd:18: Lost braces in \itemize; \value handles \item{}{} directly checkRd: (-1) NetStats.Rd:19: Lost braces in \itemize; \value handles \item{}{} directly checkRd: (-1) NetStats.Rd:20: Lost braces in \itemize; \value handles \item{}{} directly checkRd: (-1) NetStats.Rd:21: Lost braces in \itemize; \value handles \item{}{} directly checkRd: (-1) NetStats.Rd:22: Lost braces in \itemize; \value handles \item{}{} directly checkRd: (-1) NetStats.Rd:23: Lost braces in \itemize; \value handles \item{}{} directly checkRd: (-1) generate_network.Rd:35: Lost braces in \itemize; \value handles \item{}{} directly checkRd: (-1) generate_network.Rd:36: Lost braces in \itemize; \value handles \item{}{} directly checkRd: (-1) generate_network.Rd:37: Lost braces in \itemize; \value handles \item{}{} directly checkRd: (-1) generate_network.Rd:38: Lost braces in \itemize; \value handles \item{}{} directly checkRd: (-1) generate_network.Rd:39: Lost braces in \itemize; \value handles \item{}{} directly checkRd: (-1) generate_network.Rd:40: Lost braces in \itemize; \value handles \item{}{} directly checkRd: (-1) generate_network.Rd:41: Lost braces in \itemize; \value handles \item{}{} directly checkRd: (-1) generate_network.Rd:42: Lost braces in \itemize; \value handles \item{}{} directly checkRd: (-1) generate_network.Rd:43: Lost braces in \itemize; \value handles \item{}{} directly Flavors: r-devel-linux-x86_64-debian-clang, r-devel-linux-x86_64-debian-gcc, r-devel-linux-x86_64-fedora-clang, r-devel-linux-x86_64-fedora-gcc, r-devel-windows-x86_64, r-patched-linux-x86_64, r-release-linux-x86_64, r-release-macos-arm64, r-release-macos-x86_64, r-release-windows-x86_64