Last updated on 2024-04-23 08:57:42 CEST.
Flavor | Version | Tinstall | Tcheck | Ttotal | Status | Flags |
---|---|---|---|---|---|---|
r-devel-linux-x86_64-debian-clang | 0.1.0 | 0.54 | 2.24 | 2.78 | ERROR | |
r-devel-linux-x86_64-debian-gcc | 0.1.0 | 1.80 | 1.80 | ERROR | ||
r-devel-linux-x86_64-fedora-clang | 0.1.0 | 516.55 | NOTE | |||
r-devel-linux-x86_64-fedora-gcc | 0.1.0 | 494.53 | NOTE | |||
r-prerel-macos-arm64 | 0.1.0 | 148.00 | NOTE | |||
r-prerel-macos-x86_64 | 0.1.0 | 242.00 | OK | |||
r-prerel-windows-x86_64 | 0.1.0 | 33.00 | 252.00 | 285.00 | NOTE | |
r-patched-linux-x86_64 | 0.1.0 | 22.84 | 340.13 | 362.97 | NOTE | |
r-release-linux-x86_64 | 0.1.0 | 23.43 | 344.79 | 368.22 | OK | |
r-release-macos-arm64 | 0.1.0 | 142.00 | OK | |||
r-release-macos-x86_64 | 0.1.0 | 254.00 | OK | |||
r-release-windows-x86_64 | 0.1.0 | 41.00 | 328.00 | 369.00 | OK | |
r-oldrel-macos-arm64 | 0.1.0 | 126.00 | OK | |||
r-oldrel-windows-x86_64 | 0.1.0 | 41.00 | 314.00 | 355.00 | OK |
Version: 0.1.0
Check: package dependencies
Result: ERROR
Package required but not available: ‘genefilter’
See section ‘The DESCRIPTION file’ in the ‘Writing R Extensions’
manual.
Flavors: r-devel-linux-x86_64-debian-clang, r-devel-linux-x86_64-debian-gcc
Version: 0.1.0
Check: Rd files
Result: NOTE
checkRd: (-1) NetStats.Rd:15: Lost braces in \itemize; \value handles \item{}{} directly
checkRd: (-1) NetStats.Rd:16: Lost braces in \itemize; \value handles \item{}{} directly
checkRd: (-1) NetStats.Rd:17: Lost braces in \itemize; \value handles \item{}{} directly
checkRd: (-1) NetStats.Rd:18: Lost braces in \itemize; \value handles \item{}{} directly
checkRd: (-1) NetStats.Rd:19: Lost braces in \itemize; \value handles \item{}{} directly
checkRd: (-1) NetStats.Rd:20: Lost braces in \itemize; \value handles \item{}{} directly
checkRd: (-1) NetStats.Rd:21: Lost braces in \itemize; \value handles \item{}{} directly
checkRd: (-1) NetStats.Rd:22: Lost braces in \itemize; \value handles \item{}{} directly
checkRd: (-1) NetStats.Rd:23: Lost braces in \itemize; \value handles \item{}{} directly
checkRd: (-1) generate_network.Rd:35: Lost braces in \itemize; \value handles \item{}{} directly
checkRd: (-1) generate_network.Rd:36: Lost braces in \itemize; \value handles \item{}{} directly
checkRd: (-1) generate_network.Rd:37: Lost braces in \itemize; \value handles \item{}{} directly
checkRd: (-1) generate_network.Rd:38: Lost braces in \itemize; \value handles \item{}{} directly
checkRd: (-1) generate_network.Rd:39: Lost braces in \itemize; \value handles \item{}{} directly
checkRd: (-1) generate_network.Rd:40: Lost braces in \itemize; \value handles \item{}{} directly
checkRd: (-1) generate_network.Rd:41: Lost braces in \itemize; \value handles \item{}{} directly
checkRd: (-1) generate_network.Rd:42: Lost braces in \itemize; \value handles \item{}{} directly
checkRd: (-1) generate_network.Rd:43: Lost braces in \itemize; \value handles \item{}{} directly
Flavors: r-devel-linux-x86_64-fedora-clang, r-devel-linux-x86_64-fedora-gcc, r-prerel-macos-arm64, r-prerel-windows-x86_64, r-patched-linux-x86_64