Last updated on 2024-03-12 07:49:50 CET.
Flavor | Version | Tinstall | Tcheck | Ttotal | Status | Flags |
---|---|---|---|---|---|---|
r-devel-linux-x86_64-debian-clang | 1.1.2 | 39.45 | 57.25 | 96.70 | NOTE | |
r-devel-linux-x86_64-debian-gcc | 1.1.2 | 29.05 | 44.47 | 73.52 | NOTE | |
r-devel-linux-x86_64-fedora-clang | 1.1.2 | 135.28 | NOTE | |||
r-devel-linux-x86_64-fedora-gcc | 1.1.2 | 139.95 | NOTE | |||
r-devel-windows-x86_64 | 1.1.2 | 33.00 | 92.00 | 125.00 | NOTE | |
r-patched-linux-x86_64 | 1.1.2 | 40.78 | 57.86 | 98.64 | NOTE | |
r-release-linux-x86_64 | 1.1.2 | 32.78 | 57.24 | 90.02 | NOTE | |
r-release-macos-arm64 | 1.1.2 | 39.00 | NOTE | |||
r-release-macos-x86_64 | 1.1.2 | 62.00 | NOTE | |||
r-release-windows-x86_64 | 1.1.2 | 40.00 | 104.00 | 144.00 | NOTE | |
r-oldrel-macos-arm64 | 1.1.2 | 46.00 | OK | |||
r-oldrel-windows-x86_64 | 1.1.2 | 39.00 | 94.00 | 133.00 | OK |
Version: 1.1.2
Check: C++ specification
Result: NOTE
Specified C++11: please drop specification unless essential
Flavors: r-devel-linux-x86_64-debian-clang, r-devel-linux-x86_64-debian-gcc, r-devel-linux-x86_64-fedora-clang, r-devel-linux-x86_64-fedora-gcc, r-devel-windows-x86_64, r-patched-linux-x86_64, r-release-linux-x86_64, r-release-macos-arm64, r-release-macos-x86_64, r-release-windows-x86_64