CRAN Package Check Results for Package ComICS

Last updated on 2021-05-09 08:50:13 CEST.

Flavor Version Tinstall Tcheck Ttotal Status Flags
r-devel-linux-x86_64-debian-clang 1.0.4 2.35 29.30 31.65 OK
r-devel-linux-x86_64-debian-gcc 1.0.4 1.99 22.94 24.93 OK
r-devel-linux-x86_64-fedora-clang 1.0.4 50.46 OK
r-devel-linux-x86_64-fedora-gcc 1.0.4 38.53 OK
r-devel-windows-ix86+x86_64 1.0.4 4.00 51.00 55.00 OK
r-devel-windows-x86_64-gcc10-UCRT 1.0.4 OK
r-patched-linux-x86_64 1.0.4 2.38 28.69 31.07 OK
r-patched-solaris-x86 1.0.4 63.90 OK
r-release-linux-x86_64 1.0.4 2.53 28.20 30.73 OK
r-release-macos-x86_64 1.0.4 OK
r-release-windows-ix86+x86_64 1.0.4 4.00 34.00 38.00 OK
r-oldrel-macos-x86_64 1.0.4 OK
r-oldrel-windows-ix86+x86_64 1.0.4 4.00 5.00 9.00 ERROR

Check Details

Version: 1.0.4
Check: whether package can be installed
Result: ERROR
    Installation failed.
Flavor: r-oldrel-windows-ix86+x86_64