CRAN Package Check Results for Package CommonJavaJars

Last updated on 2021-05-18 08:48:06 CEST.

Flavor Version Tinstall Tcheck Ttotal Status Flags
r-devel-linux-x86_64-debian-clang 1.0-6 2.44 25.84 28.28 OK
r-devel-linux-x86_64-debian-gcc 1.0-6 1.71 20.87 22.58 OK
r-devel-linux-x86_64-fedora-clang 1.0-6 42.92 OK
r-devel-linux-x86_64-fedora-gcc 1.0-6 32.62 OK
r-devel-windows-ix86+x86_64 1.0-6 8.00 49.00 57.00 OK
r-devel-windows-x86_64-gcc10-UCRT 1.0-6 OK
r-patched-linux-x86_64 1.0-6 2.32 25.50 27.82 OK
r-patched-solaris-x86 1.0-6 56.70 NOTE
r-release-linux-x86_64 1.0-6 2.30 25.28 27.58 OK
r-release-macos-x86_64 1.0-6 OK
r-release-windows-ix86+x86_64 1.0-6 5.00 35.00 40.00 OK
r-oldrel-macos-x86_64 1.0-6 OK
r-oldrel-windows-ix86+x86_64 1.0-6 3.00 42.00 45.00 OK

Check Details

Version: 1.0-6
Check: installed package size
Result: NOTE
     installed size is 5.4Mb
     sub-directories of 1Mb or more:
     java 5.2Mb
Flavor: r-patched-solaris-x86