Last updated on 2025-01-26 08:48:21 CET.
Flavor | Version | Tinstall | Tcheck | Ttotal | Status | Flags |
---|---|---|---|---|---|---|
r-devel-linux-x86_64-debian-clang | 0.2.6.2 | 8.93 | 97.24 | 106.17 | OK | |
r-devel-linux-x86_64-debian-gcc | 0.2.6.2 | 7.16 | 74.11 | 81.27 | OK | |
r-devel-linux-x86_64-fedora-clang | 0.2.6.2 | 176.67 | OK | |||
r-devel-linux-x86_64-fedora-gcc | 0.2.6.2 | 163.80 | OK | |||
r-devel-windows-x86_64 | 0.2.6.2 | 10.00 | 102.00 | 112.00 | OK | |
r-patched-linux-x86_64 | 0.2.6.2 | 8.93 | 89.83 | 98.76 | NOTE | |
r-release-linux-x86_64 | 0.2.6.2 | 9.29 | 90.28 | 99.57 | NOTE | |
r-release-macos-arm64 | 0.2.6.2 | 49.00 | NOTE | |||
r-release-macos-x86_64 | 0.2.6.2 | 70.00 | NOTE | |||
r-release-windows-x86_64 | 0.2.6.2 | 10.00 | 98.00 | 108.00 | NOTE | |
r-oldrel-macos-arm64 | 0.2.6.2 | 51.00 | NOTE | |||
r-oldrel-macos-x86_64 | 0.2.6.2 | 66.00 | NOTE | |||
r-oldrel-windows-x86_64 | 0.2.6.2 | 10.00 | 126.00 | 136.00 | NOTE |
Version: 0.2.6.2
Check: package dependencies
Result: NOTE
Package suggested but not available for checking: ‘CAM’
Flavors: r-patched-linux-x86_64, r-release-linux-x86_64, r-release-macos-arm64, r-release-macos-x86_64, r-release-windows-x86_64, r-oldrel-macos-arm64, r-oldrel-windows-x86_64
Version: 0.2.6.2
Check: package dependencies
Result: NOTE
Packages suggested but not available for checking:
'pcalg', 'InvariantCausalPrediction', 'backShift', 'CAM', 'mboost',
'huge', 'flare'
Flavor: r-oldrel-macos-x86_64