Last updated on 2024-04-20 08:50:48 CEST.
Flavor | Version | Tinstall | Tcheck | Ttotal | Status | Flags |
---|---|---|---|---|---|---|
r-devel-linux-x86_64-debian-clang | 6.8 | 51.50 | 484.33 | 535.83 | OK | |
r-devel-linux-x86_64-debian-gcc | 6.8 | 41.02 | 337.28 | 378.30 | OK | |
r-devel-linux-x86_64-fedora-clang | 6.8 | 650.80 | NOTE | |||
r-devel-linux-x86_64-fedora-gcc | 6.8 | 659.69 | OK | |||
r-prerel-macos-arm64 | 6.8 | 162.00 | OK | |||
r-prerel-macos-x86_64 | 6.8 | 355.00 | OK | |||
r-prerel-windows-x86_64 | 6.8 | 39.00 | 366.00 | 405.00 | OK | |
r-patched-linux-x86_64 | 6.8 | 41.06 | 453.58 | 494.64 | OK | |
r-release-linux-x86_64 | 6.8 | 34.68 | 458.51 | 493.19 | OK | |
r-release-macos-arm64 | 6.8 | 149.00 | OK | |||
r-release-macos-x86_64 | 6.8 | 366.00 | OK | |||
r-release-windows-x86_64 | 6.8 | 56.00 | 493.00 | 549.00 | OK | |
r-oldrel-macos-arm64 | 6.8 | 139.00 | OK | |||
r-oldrel-windows-x86_64 | 6.8 | 57.00 | 447.00 | 504.00 | OK |
Version: 6.8
Check: package dependencies
Result: NOTE
Imports includes 21 non-default packages.
Importing from so many packages makes the package vulnerable to any of
them becoming unavailable. Move as many as possible to Suggests and
use conditionally.
Flavor: r-devel-linux-x86_64-fedora-clang