Last updated on 2025-01-26 08:48:21 CET.
Flavor | Version | Tinstall | Tcheck | Ttotal | Status | Flags |
---|---|---|---|---|---|---|
r-devel-linux-x86_64-debian-clang | 1.0 | 3.50 | 75.95 | 79.45 | OK | |
r-devel-linux-x86_64-debian-gcc | 1.0 | 2.27 | 53.46 | 55.73 | OK | |
r-devel-linux-x86_64-fedora-clang | 1.0 | 137.34 | NOTE | |||
r-devel-linux-x86_64-fedora-gcc | 1.0 | 142.97 | NOTE | |||
r-devel-windows-x86_64 | 1.0 | 4.00 | 91.00 | 95.00 | OK | |
r-patched-linux-x86_64 | 1.0 | 3.53 | 72.10 | 75.63 | OK | |
r-release-linux-x86_64 | 1.0 | 3.19 | 72.65 | 75.84 | OK | |
r-release-macos-arm64 | 1.0 | 44.00 | OK | |||
r-release-macos-x86_64 | 1.0 | 67.00 | OK | |||
r-release-windows-x86_64 | 1.0 | 5.00 | 92.00 | 97.00 | OK | |
r-oldrel-macos-arm64 | 1.0 | 47.00 | OK | |||
r-oldrel-macos-x86_64 | 1.0 | 68.00 | OK | |||
r-oldrel-windows-x86_64 | 1.0 | 5.00 | 107.00 | 112.00 | OK |
Version: 1.0
Check: dependencies in R code
Result: NOTE
Namespace in Imports field not imported from: ‘mvtnorm’
All declared Imports should be used.
Flavors: r-devel-linux-x86_64-fedora-clang, r-devel-linux-x86_64-fedora-gcc