CRAN Package Check Results for Package CoopGame

Last updated on 2021-07-25 08:50:51 CEST.

Flavor Version Tinstall Tcheck Ttotal Status Flags
r-devel-linux-x86_64-debian-clang 0.2.1 10.18 115.17 125.35 NOTE
r-devel-linux-x86_64-debian-gcc 0.2.1 7.63 86.86 94.49 NOTE
r-devel-linux-x86_64-fedora-clang 0.2.1 156.03 NOTE
r-devel-linux-x86_64-fedora-gcc 0.2.1 162.96 NOTE
r-devel-windows-x86_64 0.2.1 10.00 128.00 138.00 NOTE
r-devel-windows-x86_64-gcc10-UCRT 0.2.1 WARN
r-patched-linux-x86_64 0.2.1 11.72 116.72 128.44 NOTE
r-patched-solaris-x86 0.2.1 163.40 NOTE
r-release-linux-x86_64 0.2.1 8.66 109.30 117.96 NOTE
r-release-macos-arm64 0.2.1 NOTE
r-release-macos-x86_64 0.2.1 NOTE
r-release-windows-ix86+x86_64 0.2.1 22.00 117.00 139.00 NOTE
r-oldrel-macos-x86_64 0.2.1 OK
r-oldrel-windows-ix86+x86_64 0.2.1 21.00 154.00 175.00 OK

Check Details

Version: 0.2.1
Check: LazyData
Result: NOTE
     'LazyData' is specified without a 'data' directory
Flavors: r-devel-linux-x86_64-debian-clang, r-devel-linux-x86_64-debian-gcc, r-devel-linux-x86_64-fedora-clang, r-devel-linux-x86_64-fedora-gcc, r-devel-windows-x86_64, r-devel-windows-x86_64-gcc10-UCRT, r-patched-linux-x86_64, r-patched-solaris-x86, r-release-linux-x86_64, r-release-macos-arm64, r-release-macos-x86_64, r-release-windows-ix86+x86_64

Version: 0.2.1
Check: re-building of vignette outputs
Result: WARN
    Error(s) in re-building vignettes:
    --- re-building 'UsingCoopGame.Rmd' using rmarkdown
    [WARNING] Citeproc: citation AnwanderMaster not found
    [WARNING] Citeproc: citation Aumann2002 not found
    [WARNING] Citeproc: citation AumannMaschler1985 not found
    [WARNING] Citeproc: citation AumannMaschlerNTU not found
    [WARNING] Citeproc: citation AumannMyerson not found
    [WARNING] Citeproc: citation BertiniGambarelliStach not found
    [WARNING] Citeproc: citation BertiniStach2015 not found
    [WARNING] Citeproc: citation BranzeiBook not found
    [WARNING] Citeproc: citation ChakravartyMitraSarkar not found
    [WARNING] Citeproc: citation CommonMistakesNucleolus not found
    [WARNING] Citeproc: citation DeeganPackel not found
    [WARNING] Citeproc: citation DriessenBook not found
    [WARNING] Citeproc: citation EvolutionaryGames not found
    [WARNING] Citeproc: citation GameTheoryAllocation not found
    [WARNING] Citeproc: citation GatelyPaper not found
    [WARNING] Citeproc: citation GillesBook not found
    [WARNING] Citeproc: citation GilliesThesis not found
    [WARNING] Citeproc: citation GuraMaschlerBook not found
    [WARNING] Citeproc: citation Holler1982 not found
    [WARNING] Citeproc: citation HollerIlling not found
    [WARNING] Citeproc: citation HollerPackel not found
    [WARNING] Citeproc: citation JacksonBook not found
    [WARNING] Citeproc: citation LittlechildVaidya not found
    [WARNING] Citeproc: citation MaschlerSolanZamir not found
    [WARNING] Citeproc: citation NarahariBook not found
    [WARNING] Citeproc: citation NeumannMorgenstern not found
    [WARNING] Citeproc: citation ONeill1982problem not found
    [WARNING] Citeproc: citation OsborneRubinsteinBook not found
    [WARNING] Citeproc: citation Otten not found
    [WARNING] Citeproc: citation ParrachinoZaraPatrone not found
    [WARNING] Citeproc: citation Peleg1996 not found
    [WARNING] Citeproc: citation Peleg1997 not found
    [WARNING] Citeproc: citation PelegSudhoelter not found
    [WARNING] Citeproc: citation PetersBook not found
    [WARNING] Citeproc: citation SlikkerNouweland not found
    [WARNING] Citeproc: citation Stach2016 not found
    [WARNING] Citeproc: citation StaudacherAnwander not found
    [WARNING] Citeproc: citation StraffinBook not found
    [WARNING] Citeproc: citation StraffinHeaney not found
    [WARNING] Citeproc: citation Sudhoelter1996 not found
    [WARNING] Citeproc: citation Sudhoelter1997 not found
    [WARNING] Citeproc: citation Tarashnina2011 not found
    [WARNING] Citeproc: citation Tijs1981 not found
    [WARNING] Citeproc: citation TijsDriessen not found
    [WARNING] Citeproc: citation Weber1988 not found
    [WARNING] Citeproc: citation Young1985 not found
    [WARNING] Citeproc: citation YoungCostAllocation not found
    [WARNING] Citeproc: citation YoungOkadaHashimoto not found
    [WARNING] Citeproc: citation aguirre2005computing not found
    [WARNING] Citeproc: citation algaba2004lovasz not found
    [WARNING] Citeproc: citation alonso2005generating not found
    [WARNING] Citeproc: citation aumann1961core not found
    [WARNING] Citeproc: citation aumann1964bargaining not found
    [WARNING] Citeproc: citation aumann1964markets not found
    [WARNING] Citeproc: citation aumann1965method not found
    [WARNING] Citeproc: citation aumann1974cooperative not found
    [WARNING] Citeproc: citation aumann2010some not found
    [WARNING] Citeproc: citation aumann2015values not found
    [WARNING] Citeproc: citation barua2012measuring not found
    [WARNING] Citeproc: citation bertini2011minimal not found
    [WARNING] Citeproc: citation bertini2011shapley not found
    [WARNING] Citeproc: citation bertini2013comparing not found
    [WARNING] Citeproc: citation bilbao2000generating not found
    [WARNING] Citeproc: citation bondareva1963some not found
    [WARNING] Citeproc: citation cano2017enjoying not found
    [WARNING] Citeproc: citation cddFukuda not found
    [WARNING] Citeproc: citation coleman1971control not found
    [WARNING] Citeproc: citation coopProductGame not found
    [WARNING] Citeproc: citation deKeijzer2008survey not found
    [WARNING] Citeproc: citation driessen1985tau not found
    [WARNING] Citeproc: citation felsenthal1998bicameral not found
    [WARNING] Citeproc: citation felsenthal1998measurement not found
    [WARNING] Citeproc: citation felsenthal2011IPower not found
    [WARNING] Citeproc: citation felsenthal2011PPower not found
    [WARNING] Citeproc: citation forlicz2018shapley not found
    [WARNING] Citeproc: citation gambarelli2011banzhaf not found
    [WARNING] Citeproc: citation geometry not found
    [WARNING] Citeproc: citation gerard1987remarks not found
    [WARNING] Citeproc: citation gilles1992games not found
    [WARNING] Citeproc: citation glpkAPI not found
    [WARNING] Citeproc: citation holler1995public not found
    [WARNING] Citeproc: citation holler2011public not found
    [WARNING] Citeproc: citation ibn18951146 not found
    [WARNING] Citeproc: citation johnston1978measurement not found
    [WARNING] Citeproc: citation kohlberg1971nucleolus not found
    [WARNING] Citeproc: citation konig1998inclusiveness not found
    [WARNING] Citeproc: citation kopelowitz1967computation not found
    [WARNING] Citeproc: citation lovasz1983submodular not found
    [WARNING] Citeproc: citation makhorin2008glpk not found
    [WARNING] Citeproc: citation megiddo1974nonmonotonicity not found
    [WARNING] Citeproc: citation milnor1953reasonable not found
    [WARNING] Citeproc: citation nevison1978naive not found
    [WARNING] Citeproc: citation nevison1979structural not found
    [WARNING] Citeproc: citation neyman2002values not found
    [WARNING] Citeproc: citation owen1972multilinear not found
    [WARNING] Citeproc: citation owen1975core not found
    [WARNING] Citeproc: citation peleg2002game not found
    [WARNING] Citeproc: citation rae1969decision not found
    [WARNING] Citeproc: citation ransmeier1942tennessee not found
    [WARNING] Citeproc: citation rcdd not found
    [WARNING] Citeproc: citation rgl not found
    [WARNING] Citeproc: citation rockafellar2015convex not found
    [WARNING] Citeproc: citation schmeidler1969nucleolus not found
    [WARNING] Citeproc: citation shapley1953value not found
    [WARNING] Citeproc: citation shapley1954method not found
    [WARNING] Citeproc: citation shapley1967balanced not found
    [WARNING] Citeproc: citation stach2011banzhaf not found
    [WARNING] Citeproc: citation stach2011coleman not found
    [WARNING] Citeproc: citation stach2011shapley not found
    [WARNING] Citeproc: citation stach2011tijs not found
    [WARNING] Citeproc: citation stach2017sub not found
    [WARNING] Citeproc: citation thrall1963n not found
    [WARNING] Citeproc: citation tijs1982CoreCover not found
    [WARNING] Citeproc: citation van1996axiomatizations not found
    [WARNING] Citeproc: citation van2000measuring not found
    [WARNING] Citeproc: citation vanDammeAumann not found
    [WARNING] Citeproc: citation wiese2005kooperative not found
    [WARNING] Citeproc: citation ziegler2012lectures not found
    ! Undefined control sequence.
    l.120 \textgreater{} \%\VignetteIndexEntry
     {Using CoopGame}
    
    Error: processing vignette 'UsingCoopGame.Rmd' failed with diagnostics:
    LaTeX failed to compile C:/msys64/home/tomas/ucrt3/svn/ucrt3/r_packages/pkgcheck/CRAN/CoopGame/CoopGame.Rcheck/vign_test/CoopGame/vignettes/UsingCoopGame.tex. See https://yihui.org/tinytex/r/#debugging for debugging tips. See UsingCoopGame.log for more info.
    --- failed re-building 'UsingCoopGame.Rmd'
    
    SUMMARY: processing the following file failed:
     'UsingCoopGame.Rmd'
    
    Error: Vignette re-building failed.
    Execution halted
Flavor: r-devel-windows-x86_64-gcc10-UCRT