Last updated on 2024-03-12 07:49:50 CET.
Flavor | Version | Tinstall | Tcheck | Ttotal | Status | Flags |
---|---|---|---|---|---|---|
r-devel-linux-x86_64-debian-clang | 1.5.1 | 13.38 | 98.75 | 112.13 | NOTE | |
r-devel-linux-x86_64-debian-gcc | 1.5.1 | 9.30 | 73.19 | 82.49 | NOTE | |
r-devel-linux-x86_64-fedora-clang | 1.5.1 | 144.27 | NOTE | |||
r-devel-linux-x86_64-fedora-gcc | 1.5.1 | 135.34 | NOTE | |||
r-devel-windows-x86_64 | 1.5.1 | 12.00 | 100.00 | 112.00 | NOTE | |
r-patched-linux-x86_64 | 1.5.1 | 18.98 | 98.21 | 117.19 | OK | |
r-release-linux-x86_64 | 1.5.1 | 10.84 | 96.83 | 107.67 | OK | |
r-release-macos-arm64 | 1.5.1 | 33.00 | OK | |||
r-release-macos-x86_64 | 1.5.1 | 55.00 | OK | |||
r-release-windows-x86_64 | 1.5.1 | 15.00 | 105.00 | 120.00 | OK | |
r-oldrel-macos-arm64 | 1.5.1 | 31.00 | OK | |||
r-oldrel-windows-x86_64 | 1.5.1 | 15.00 | 114.00 | 129.00 | OK |
Version: 1.5.1
Check: Rd files
Result: NOTE
checkRd: (-1) CopulaREMADA.Rd:17: Lost braces; missing escapes or markup?
17 | {gl$nodes} and weights {gl$weights}.
| ^
checkRd: (-1) CopulaREMADA.Rd:17: Lost braces; missing escapes or markup?
17 | {gl$nodes} and weights {gl$weights}.
| ^
Flavors: r-devel-linux-x86_64-debian-clang, r-devel-linux-x86_64-debian-gcc, r-devel-linux-x86_64-fedora-clang, r-devel-linux-x86_64-fedora-gcc, r-devel-windows-x86_64