Last updated on 2024-04-18 08:54:24 CEST.
Flavor | Version | Tinstall | Tcheck | Ttotal | Status | Flags |
---|---|---|---|---|---|---|
r-devel-linux-x86_64-debian-clang | 1.3.3 | 4.69 | 85.12 | 89.81 | OK | |
r-devel-linux-x86_64-debian-gcc | 1.3.3 | 2.47 | 62.25 | 64.72 | OK | |
r-devel-linux-x86_64-fedora-clang | 1.3.3 | 86.87 | NOTE | |||
r-devel-linux-x86_64-fedora-gcc | 1.3.3 | 90.37 | NOTE | |||
r-prerel-macos-arm64 | 1.3.3 | 36.00 | OK | |||
r-prerel-windows-x86_64 | 1.3.3 | 5.00 | 80.00 | 85.00 | OK | |
r-patched-linux-x86_64 | 1.3.3 | 3.45 | 79.98 | 83.43 | OK | |
r-release-linux-x86_64 | 1.3.3 | 4.05 | 80.30 | 84.35 | OK | |
r-release-macos-arm64 | 1.3.3 | 33.00 | NOTE | |||
r-release-macos-x86_64 | 1.3.3 | 57.00 | NOTE | |||
r-release-windows-x86_64 | 1.3.3 | 4.00 | 90.00 | 94.00 | OK | |
r-oldrel-macos-arm64 | 1.3.3 | 34.00 | OK | |||
r-oldrel-windows-x86_64 | 1.3.3 | 6.00 | 87.00 | 93.00 | OK |
Version: 1.3.3
Check: package dependencies
Result: NOTE
Package suggested but not available for checking: ‘xcms’
Flavors: r-devel-linux-x86_64-fedora-clang, r-devel-linux-x86_64-fedora-gcc, r-release-macos-arm64, r-release-macos-x86_64