Last updated on 2025-01-26 08:48:21 CET.
Flavor | Version | Tinstall | Tcheck | Ttotal | Status | Flags |
---|---|---|---|---|---|---|
r-devel-linux-x86_64-debian-clang | 1.0.1 | 69.45 | 280.30 | 349.75 | NOTE | |
r-devel-linux-x86_64-debian-gcc | 1.0.1 | 46.30 | 195.28 | 241.58 | NOTE | |
r-devel-linux-x86_64-fedora-clang | 1.0.1 | 565.14 | OK | |||
r-devel-linux-x86_64-fedora-gcc | 1.0.1 | 580.48 | OK | |||
r-devel-windows-x86_64 | 1.0.1 | 60.00 | 265.00 | 325.00 | NOTE | |
r-patched-linux-x86_64 | 1.0.1 | 63.99 | 261.86 | 325.85 | OK | |
r-release-linux-x86_64 | 1.0.1 | 56.57 | 260.43 | 317.00 | OK | |
r-release-macos-arm64 | 1.0.1 | 146.00 | OK | |||
r-release-macos-x86_64 | 1.0.1 | 214.00 | OK | |||
r-release-windows-x86_64 | 1.0.1 | 60.00 | 261.00 | 321.00 | OK | |
r-oldrel-macos-arm64 | 1.0.1 | 162.00 | OK | |||
r-oldrel-macos-x86_64 | 1.0.1 | 276.00 | OK | |||
r-oldrel-windows-x86_64 | 1.0.1 | 84.00 | 333.00 | 417.00 | OK |
Version: 1.0.1
Check: Rd cross-references
Result: NOTE
Found the following Rd file(s) with Rd \link{} targets missing package
anchors:
ConfMatrix.Rd: R6
D2MCS.Rd: getModelInfo
GainRatioHeuristic.Rd: gain.ratio
Please provide package anchors for all Rd \link{} targets not in the
package itself and the base packages.
Flavors: r-devel-linux-x86_64-debian-clang, r-devel-linux-x86_64-debian-gcc, r-devel-windows-x86_64