CRAN Package Check Results for Package DCchoice

Last updated on 2021-07-25 08:50:53 CEST.

Flavor Version Tinstall Tcheck Ttotal Status Flags
r-devel-linux-x86_64-debian-clang 0.0.17 8.53 77.18 85.71 OK
r-devel-linux-x86_64-debian-gcc 0.0.17 7.85 58.93 66.78 OK
r-devel-linux-x86_64-fedora-clang 0.0.17 112.64 OK
r-devel-linux-x86_64-fedora-gcc 0.0.17 109.48 OK
r-devel-windows-x86_64 0.0.17 11.00 70.00 81.00 OK
r-devel-windows-x86_64-gcc10-UCRT 0.0.17 OK
r-patched-linux-x86_64 0.0.17 9.26 73.54 82.80 OK
r-patched-solaris-x86 0.0.17 141.30 OK
r-release-linux-x86_64 0.0.17 9.08 74.38 83.46 OK
r-release-macos-arm64 0.0.17 ERROR
r-release-macos-x86_64 0.0.17 OK
r-release-windows-ix86+x86_64 0.0.17 20.00 74.00 94.00 OK
r-oldrel-macos-x86_64 0.0.17 OK
r-oldrel-windows-ix86+x86_64 0.0.17 20.00 96.00 116.00 OK

Check Details

Version: 0.0.17
Check: package dependencies
Result: ERROR
    Package required but not available: ‘interval’
    
    See section ‘The DESCRIPTION file’ in the ‘Writing R Extensions’
    manual.
Flavor: r-release-macos-arm64