Last updated on 2024-04-17 08:57:28 CEST.
Flavor | Version | Tinstall | Tcheck | Ttotal | Status | Flags |
---|---|---|---|---|---|---|
r-devel-linux-x86_64-debian-clang | 1.0 | 2.25 | 24.48 | 26.73 | NOTE | |
r-devel-linux-x86_64-debian-gcc | 1.0 | 2.35 | 19.14 | 21.49 | NOTE | |
r-devel-linux-x86_64-fedora-clang | 1.0 | 35.40 | NOTE | |||
r-devel-linux-x86_64-fedora-gcc | 1.0 | 33.55 | NOTE | |||
r-prerel-macos-arm64 | 1.0 | 15.00 | NOTE | |||
r-prerel-windows-x86_64 | 1.0 | 3.00 | 42.00 | 45.00 | NOTE | |
r-patched-linux-x86_64 | 1.0 | 2.79 | 23.84 | 26.63 | NOTE | |
r-release-linux-x86_64 | 1.0 | 2.23 | 24.31 | 26.54 | NOTE | |
r-release-macos-arm64 | 1.0 | 17.00 | NOTE | |||
r-release-macos-x86_64 | 1.0 | 20.00 | NOTE | |||
r-release-windows-x86_64 | 1.0 | 4.00 | 41.00 | 45.00 | NOTE | |
r-oldrel-macos-arm64 | 1.0 | 16.00 | OK | |||
r-oldrel-windows-x86_64 | 1.0 | 5.00 | 45.00 | 50.00 | OK |
Version: 1.0
Check: Rd files
Result: NOTE
checkRd: (-1) scramb.Rd:44: Escaped LaTeX specials: \&
Flavors: r-devel-linux-x86_64-debian-clang, r-devel-linux-x86_64-debian-gcc, r-devel-linux-x86_64-fedora-clang, r-devel-linux-x86_64-fedora-gcc, r-prerel-macos-arm64, r-prerel-windows-x86_64, r-patched-linux-x86_64, r-release-linux-x86_64, r-release-macos-arm64, r-release-macos-x86_64, r-release-windows-x86_64