Last updated on 2024-04-23 08:57:45 CEST.
Flavor | Version | Tinstall | Tcheck | Ttotal | Status | Flags |
---|---|---|---|---|---|---|
r-devel-linux-x86_64-debian-clang | 1.1-3 | 2.74 | 44.27 | 47.01 | OK | |
r-devel-linux-x86_64-debian-gcc | 1.1-3 | 1.80 | 33.84 | 35.64 | OK | |
r-devel-linux-x86_64-fedora-clang | 1.1-3 | 60.73 | NOTE | |||
r-devel-linux-x86_64-fedora-gcc | 1.1-3 | 57.89 | OK | |||
r-prerel-macos-arm64 | 1.1-3 | 18.00 | OK | |||
r-prerel-windows-x86_64 | 1.1-3 | 3.00 | 52.00 | 55.00 | OK | |
r-patched-linux-x86_64 | 1.1-3 | 2.76 | 44.74 | 47.50 | OK | |
r-release-linux-x86_64 | 1.1-3 | 2.13 | 44.94 | 47.07 | OK | |
r-release-macos-arm64 | 1.1-3 | 120.00 | OK | |||
r-release-macos-x86_64 | 1.1-3 | 153.00 | OK | |||
r-release-windows-x86_64 | 1.1-3 | 6.00 | 60.00 | 66.00 | OK | |
r-oldrel-macos-arm64 | 1.1-3 | 35.00 | OK | |||
r-oldrel-windows-x86_64 | 1.1-3 | 7.00 | 79.00 | 86.00 | OK |
Version: 1.1-3
Check: Rd cross-references
Result: NOTE
Undeclared package ‘DEoptim’ in Rd xrefs
Flavor: r-devel-linux-x86_64-fedora-clang