Last updated on 2024-03-12 07:49:51 CET.
Flavor | Version | Tinstall | Tcheck | Ttotal | Status | Flags |
---|---|---|---|---|---|---|
r-devel-linux-x86_64-debian-clang | 0.5.2.0 | 36.28 | 291.56 | 327.84 | WARN | |
r-devel-linux-x86_64-debian-gcc | 0.5.2.0 | 31.96 | 213.97 | 245.93 | OK | |
r-devel-linux-x86_64-fedora-clang | 0.5.2.0 | 399.83 | OK | |||
r-devel-linux-x86_64-fedora-gcc | 0.5.2.0 | 391.84 | OK | |||
r-devel-windows-x86_64 | 0.5.2.0 | 34.00 | 184.00 | 218.00 | OK | |
r-patched-linux-x86_64 | 0.5.2.0 | 31.87 | 280.69 | 312.56 | OK | |
r-release-linux-x86_64 | 0.5.2.0 | 35.32 | 278.14 | 313.46 | OK | |
r-release-macos-arm64 | 0.5.2.0 | 93.00 | OK | |||
r-release-macos-x86_64 | 0.5.2.0 | 221.00 | OK | |||
r-release-windows-x86_64 | 0.5.2.0 | 43.00 | 231.00 | 274.00 | OK | |
r-oldrel-macos-arm64 | 0.5.2.0 | 88.00 | OK | |||
r-oldrel-windows-x86_64 | 0.5.2.0 | 43.00 | 233.00 | 276.00 | OK |
Version: 0.5.2.0
Check: whether package can be installed
Result: WARN
Found the following significant warnings:
flang-new: warning: argument unused during compilation: '-Wall' [-Wunused-command-line-argument]
See ‘/home/hornik/tmp/R.check/r-devel-clang/Work/PKGS/DMMF.Rcheck/00install.out’ for details.
* used C compiler: ‘Debian clang version 18.1.0 (rc4-1)’
* used Fortran compiler: ‘Debian flang-new version 18.1.0 (rc4-1)’
Flavor: r-devel-linux-x86_64-debian-clang