Last updated on 2024-04-19 08:54:37 CEST.
Flavor | Version | Tinstall | Tcheck | Ttotal | Status | Flags |
---|---|---|---|---|---|---|
r-devel-linux-x86_64-debian-clang | 2.5-2 | 37.70 | 911.30 | 949.00 | OK | |
r-devel-linux-x86_64-debian-gcc | 2.5-2 | OK | ||||
r-devel-linux-x86_64-fedora-clang | 2.5-2 | 1201.77 | NOTE | |||
r-devel-linux-x86_64-fedora-gcc | 2.5-2 | 1186.17 | OK | |||
r-prerel-macos-arm64 | 2.5-2 | 295.00 | NOTE | |||
r-prerel-macos-x86_64 | 2.5-2 | 812.00 | NOTE | |||
r-prerel-windows-x86_64 | 2.5-2 | 38.00 | 580.00 | 618.00 | NOTE | |
r-patched-linux-x86_64 | 2.5-2 | 44.72 | 859.59 | 904.31 | OK | |
r-release-linux-x86_64 | 2.5-2 | 46.94 | 878.81 | 925.75 | OK | |
r-release-macos-arm64 | 2.5-2 | 301.00 | NOTE | |||
r-release-macos-x86_64 | 2.5-2 | 609.00 | NOTE | |||
r-release-windows-x86_64 | 2.5-2 | 52.00 | 824.00 | 876.00 | NOTE | |
r-oldrel-macos-arm64 | 2.5-2 | 358.00 | NOTE | |||
r-oldrel-windows-x86_64 | 2.5-2 | 56.00 | 834.00 | 890.00 | NOTE |
Version: 2.5-2
Check: installed package size
Result: NOTE
installed size is 6.1Mb
sub-directories of 1Mb or more:
doc 2.9Mb
Flavors: r-devel-linux-x86_64-fedora-clang, r-prerel-macos-arm64, r-prerel-macos-x86_64, r-prerel-windows-x86_64, r-release-macos-arm64, r-release-macos-x86_64, r-release-windows-x86_64, r-oldrel-macos-arm64, r-oldrel-windows-x86_64