Last updated on 2024-03-12 07:49:52 CET.
Flavor | Version | Tinstall | Tcheck | Ttotal | Status | Flags |
---|---|---|---|---|---|---|
r-devel-linux-x86_64-debian-clang | 0.9.6 | 13.36 | 174.84 | 188.20 | OK | |
r-devel-linux-x86_64-debian-gcc | 0.9.6 | 9.33 | 128.61 | 137.94 | OK | |
r-devel-linux-x86_64-fedora-clang | 0.9.6 | 224.79 | NOTE | |||
r-devel-linux-x86_64-fedora-gcc | 0.9.6 | 228.22 | OK | |||
r-devel-windows-x86_64 | 0.9.6 | 10.00 | 143.00 | 153.00 | NOTE | |
r-patched-linux-x86_64 | 0.9.6 | 8.03 | 167.32 | 175.35 | OK | |
r-release-linux-x86_64 | 0.9.6 | 7.36 | 166.22 | 173.58 | OK | |
r-release-macos-arm64 | 0.9.6 | 69.00 | NOTE | |||
r-release-macos-x86_64 | 0.9.6 | 175.00 | NOTE | |||
r-release-windows-x86_64 | 0.9.6 | 14.00 | 181.00 | 195.00 | NOTE | |
r-oldrel-macos-arm64 | 0.9.6 | 69.00 | NOTE | |||
r-oldrel-windows-x86_64 | 0.9.6 | 14.00 | 184.00 | 198.00 | NOTE |
Version: 0.9.6
Check: installed package size
Result: NOTE
installed size is 5.3Mb
sub-directories of 1Mb or more:
appinformation 4.1Mb
Flavors: r-devel-linux-x86_64-fedora-clang, r-devel-windows-x86_64, r-release-macos-arm64, r-release-macos-x86_64, r-release-windows-x86_64, r-oldrel-macos-arm64, r-oldrel-windows-x86_64