Last updated on 2024-04-19 08:54:37 CEST.
Flavor | Version | Tinstall | Tcheck | Ttotal | Status | Flags |
---|---|---|---|---|---|---|
r-devel-linux-x86_64-debian-clang | 1.0 | 3.77 | 44.24 | 48.01 | NOTE | |
r-devel-linux-x86_64-debian-gcc | 1.0 | NOTE | ||||
r-devel-linux-x86_64-fedora-clang | 1.0 | 58.59 | NOTE | |||
r-devel-linux-x86_64-fedora-gcc | 1.0 | 54.75 | NOTE | |||
r-prerel-macos-arm64 | 1.0 | 22.00 | NOTE | |||
r-prerel-windows-x86_64 | 1.0 | 4.00 | 53.00 | 57.00 | NOTE | |
r-patched-linux-x86_64 | 1.0 | 3.45 | 42.55 | 46.00 | NOTE | |
r-release-linux-x86_64 | 1.0 | 3.64 | 40.39 | 44.03 | OK | |
r-release-macos-arm64 | 1.0 | 24.00 | OK | |||
r-release-macos-x86_64 | 1.0 | 31.00 | OK | |||
r-release-windows-x86_64 | 1.0 | 5.00 | 58.00 | 63.00 | OK | |
r-oldrel-macos-arm64 | 1.0 | 20.00 | OK | |||
r-oldrel-windows-x86_64 | 1.0 | 5.00 | 62.00 | 67.00 | OK |
Version: 1.0
Check: Rd files
Result: NOTE
checkRd: (-1) DTWUMI_1gap_imputation.Rd:33: Lost braces in \itemize; \value handles \item{}{} directly
checkRd: (-1) DTWUMI_1gap_imputation.Rd:34: Lost braces in \itemize; \value handles \item{}{} directly
checkRd: (-1) DTWUMI_1gap_imputation.Rd:35: Lost braces in \itemize; \value handles \item{}{} directly
checkRd: (-1) DTWUMI_1gap_imputation.Rd:36: Lost braces in \itemize; \value handles \item{}{} directly
checkRd: (-1) DTWUMI_1gap_imputation.Rd:37: Lost braces in \itemize; \value handles \item{}{} directly
Flavors: r-devel-linux-x86_64-debian-clang, r-devel-linux-x86_64-debian-gcc, r-devel-linux-x86_64-fedora-clang, r-devel-linux-x86_64-fedora-gcc, r-prerel-macos-arm64, r-prerel-windows-x86_64, r-patched-linux-x86_64