Last updated on 2024-04-19 08:54:36 CEST.
Flavor | Version | Tinstall | Tcheck | Ttotal | Status | Flags |
---|---|---|---|---|---|---|
r-devel-linux-x86_64-debian-clang | 0.2.21 | 4.75 | 53.78 | 58.53 | NOTE | |
r-devel-linux-x86_64-debian-gcc | 0.2.21 | NOTE | ||||
r-devel-linux-x86_64-fedora-clang | 0.2.21 | 75.43 | NOTE | |||
r-devel-linux-x86_64-fedora-gcc | 0.2.21 | 69.93 | NOTE | |||
r-prerel-macos-arm64 | 0.2.21 | 23.00 | NOTE | |||
r-prerel-windows-x86_64 | 0.2.21 | 6.00 | 63.00 | 69.00 | NOTE | |
r-patched-linux-x86_64 | 0.2.21 | 11.89 | 49.28 | 61.17 | NOTE | |
r-release-linux-x86_64 | 0.2.21 | 4.41 | 49.93 | 54.34 | OK | |
r-release-macos-arm64 | 0.2.21 | 24.00 | OK | |||
r-release-macos-x86_64 | 0.2.21 | 38.00 | OK | |||
r-release-windows-x86_64 | 0.2.21 | 8.00 | 69.00 | 77.00 | OK | |
r-oldrel-macos-arm64 | 0.2.21 | 24.00 | OK | |||
r-oldrel-windows-x86_64 | 0.2.21 | 9.00 | 71.00 | 80.00 | OK |
Version: 0.2.21
Check: Rd files
Result: NOTE
checkRd: (-1) StartEnd.Rd:31: Lost braces in \itemize; \value handles \item{}{} directly
checkRd: (-1) StartEnd.Rd:32: Lost braces in \itemize; \value handles \item{}{} directly
Flavors: r-devel-linux-x86_64-debian-clang, r-devel-linux-x86_64-debian-gcc, r-devel-linux-x86_64-fedora-clang, r-devel-linux-x86_64-fedora-gcc, r-prerel-macos-arm64, r-prerel-windows-x86_64, r-patched-linux-x86_64