Last updated on 2024-04-18 08:54:25 CEST.
Flavor | Version | Tinstall | Tcheck | Ttotal | Status | Flags |
---|---|---|---|---|---|---|
r-devel-linux-x86_64-debian-clang | 1.2.1 | 189.88 | 108.04 | 297.92 | NOTE | |
r-devel-linux-x86_64-debian-gcc | 1.2.1 | 130.31 | 78.08 | 208.39 | NOTE | |
r-devel-linux-x86_64-fedora-clang | 1.2.1 | 414.02 | NOTE | |||
r-devel-linux-x86_64-fedora-gcc | 1.2.1 | 406.90 | NOTE | |||
r-prerel-macos-arm64 | 1.2.1 | 86.00 | NOTE | |||
r-prerel-windows-x86_64 | 1.2.1 | 139.00 | 114.00 | 253.00 | NOTE | |
r-patched-linux-x86_64 | 1.2.1 | 165.61 | 100.54 | 266.15 | NOTE | |
r-release-linux-x86_64 | 1.2.1 | 167.47 | 98.68 | 266.15 | NOTE | |
r-release-macos-arm64 | 1.2.1 | 84.00 | NOTE | |||
r-release-macos-x86_64 | 1.2.1 | 132.00 | NOTE | |||
r-release-windows-x86_64 | 1.2.1 | 175.00 | 141.00 | 316.00 | NOTE | |
r-oldrel-macos-arm64 | 1.2.1 | 87.00 | NOTE | |||
r-oldrel-windows-x86_64 | 1.2.1 | 168.00 | 138.00 | 306.00 | NOTE |
Version: 1.2.1
Check: for GNU extensions in Makefiles
Result: NOTE
GNU make is a SystemRequirements.
Flavors: r-devel-linux-x86_64-debian-clang, r-devel-linux-x86_64-debian-gcc, r-devel-linux-x86_64-fedora-clang, r-devel-linux-x86_64-fedora-gcc, r-prerel-macos-arm64, r-prerel-windows-x86_64, r-patched-linux-x86_64, r-release-linux-x86_64, r-release-macos-arm64, r-release-macos-x86_64, r-release-windows-x86_64, r-oldrel-macos-arm64, r-oldrel-windows-x86_64
Version: 1.2.1
Check: Rd cross-references
Result: NOTE
Undeclared package ‘DRquality’ in Rd xrefs
Flavor: r-devel-linux-x86_64-fedora-clang
Version: 1.2.1
Check: installed package size
Result: NOTE
installed size is 7.0Mb
sub-directories of 1Mb or more:
doc 2.8Mb
libs 3.9Mb
Flavors: r-prerel-macos-arm64, r-release-macos-arm64, r-release-macos-x86_64, r-oldrel-macos-arm64