CRAN Package Check Results for Package DeclareDesign

Last updated on 2021-06-25 09:52:43 CEST.

Flavor Version Tinstall Tcheck Ttotal Status Flags
r-devel-linux-x86_64-debian-clang 0.26.0 7.85 202.05 209.90 NOTE
r-devel-linux-x86_64-debian-gcc 0.26.0 5.54 147.49 153.03 NOTE
r-devel-linux-x86_64-fedora-clang 0.26.0 256.39 NOTE
r-devel-linux-x86_64-fedora-gcc 0.26.0 245.00 NOTE
r-devel-windows-x86_64 0.26.0 15.00 238.00 253.00 NOTE
r-devel-windows-x86_64-gcc10-UCRT 0.26.0 NOTE
r-patched-linux-x86_64 0.26.0 11.09 189.80 200.89 NOTE
r-patched-solaris-x86 0.26.0 315.60 NOTE
r-release-linux-x86_64 0.26.0 6.06 189.83 195.89 NOTE
r-release-macos-arm64 0.26.0 NOTE
r-release-macos-x86_64 0.26.0 NOTE
r-release-windows-ix86+x86_64 0.26.0 19.00 170.00 189.00 NOTE
r-oldrel-macos-x86_64 0.26.0 OK
r-oldrel-windows-ix86+x86_64 0.26.0 21.00 191.00 212.00 OK

Check Details

Version: 0.26.0
Check: LazyData
Result: NOTE
     'LazyData' is specified without a 'data' directory
Flavors: r-devel-linux-x86_64-debian-clang, r-devel-linux-x86_64-debian-gcc, r-devel-linux-x86_64-fedora-clang, r-devel-linux-x86_64-fedora-gcc, r-devel-windows-x86_64, r-devel-windows-x86_64-gcc10-UCRT, r-patched-linux-x86_64, r-patched-solaris-x86, r-release-linux-x86_64, r-release-macos-arm64, r-release-macos-x86_64, r-release-windows-ix86+x86_64

Version: 0.26.0
Check: Rd cross-references
Result: NOTE
    Undeclared package ‘future’ in Rd xrefs
Flavor: r-devel-linux-x86_64-fedora-clang

Version: 0.26.0
Check: package dependencies
Result: NOTE
    Package suggested but not available for checking: ‘sf’
Flavor: r-release-macos-arm64