Last updated on 2024-03-12 07:49:51 CET.
Flavor | Version | Tinstall | Tcheck | Ttotal | Status | Flags |
---|---|---|---|---|---|---|
r-devel-linux-x86_64-debian-clang | 0.0.5 | 64.95 | 38.98 | 103.93 | NOTE | |
r-devel-linux-x86_64-debian-gcc | 0.0.5 | 53.14 | 34.18 | 87.32 | NOTE | |
r-devel-linux-x86_64-fedora-clang | 0.0.5 | 138.96 | NOTE | |||
r-devel-linux-x86_64-fedora-gcc | 0.0.5 | 142.79 | NOTE | |||
r-devel-windows-x86_64 | 0.0.5 | 46.00 | 72.00 | 118.00 | NOTE | |
r-patched-linux-x86_64 | 0.0.5 | 55.78 | 43.64 | 99.42 | NOTE | |
r-release-linux-x86_64 | 0.0.5 | 63.91 | 43.29 | 107.20 | NOTE | |
r-release-macos-arm64 | 0.0.5 | 42.00 | NOTE | |||
r-release-macos-x86_64 | 0.0.5 | 66.00 | NOTE | |||
r-release-windows-x86_64 | 0.0.5 | 58.00 | 78.00 | 136.00 | NOTE | |
r-oldrel-macos-arm64 | 0.0.5 | 42.00 | NOTE | |||
r-oldrel-windows-x86_64 | 0.0.5 | 55.00 | 80.00 | 135.00 | OK |
Version: 0.0.5
Check: C++ specification
Result: NOTE
Specified C++11: please drop specification unless essential
Flavors: r-devel-linux-x86_64-debian-clang, r-devel-linux-x86_64-debian-gcc, r-devel-linux-x86_64-fedora-clang, r-devel-linux-x86_64-fedora-gcc, r-devel-windows-x86_64, r-patched-linux-x86_64, r-release-linux-x86_64, r-release-macos-arm64, r-release-macos-x86_64, r-release-windows-x86_64
Version: 0.0.5
Check: installed package size
Result: NOTE
installed size is 19.6Mb
sub-directories of 1Mb or more:
libs 18.8Mb
Flavors: r-release-macos-arm64, r-release-macos-x86_64, r-oldrel-macos-arm64