CRAN Package Check Results for Package DiceOptim

Last updated on 2021-05-14 09:50:48 CEST.

Flavor Version Tinstall Tcheck Ttotal Status Flags
r-devel-linux-x86_64-debian-clang 2.1.1 9.85 91.51 101.36 OK
r-devel-linux-x86_64-debian-gcc 2.1.1 8.11 70.00 78.11 OK
r-devel-linux-x86_64-fedora-clang 2.1.1 137.86 OK
r-devel-linux-x86_64-fedora-gcc 2.1.1 131.02 OK
r-devel-windows-ix86+x86_64 2.1.1 21.00 159.00 180.00 OK
r-devel-windows-x86_64-gcc10-UCRT 2.1.1 OK
r-patched-linux-x86_64 2.1.1 15.21 85.86 101.07 OK
r-patched-solaris-x86 2.1.1 145.90 OK
r-release-linux-x86_64 2.1.1 8.66 82.74 91.40 OK
r-release-macos-x86_64 2.1.1 OK
r-release-windows-ix86+x86_64 2.1.1 18.00 154.00 172.00 OK
r-oldrel-macos-x86_64 2.1.1 OK
r-oldrel-windows-ix86+x86_64 2.1.1 20.00 0.00 20.00 ERROR

Check Details

Version: 2.1.1
Check: whether package can be installed
Result: ERROR
    Installation failed.
Flavor: r-oldrel-windows-ix86+x86_64