CRAN Package Check Results for Package DirectEffects

Last updated on 2021-07-26 09:54:00 CEST.

Flavor Version Tinstall Tcheck Ttotal Status Flags
r-devel-linux-x86_64-debian-clang 0.2.1 2.72 47.09 49.81 OK
r-devel-linux-x86_64-debian-gcc 0.2.1 2.40 37.01 39.41 OK
r-devel-linux-x86_64-fedora-clang 0.2.1 71.58 NOTE
r-devel-linux-x86_64-fedora-gcc 0.2.1 57.90 NOTE
r-devel-windows-x86_64 0.2.1 5.00 66.00 71.00 OK
r-devel-windows-x86_64-gcc10-UCRT 0.2.1 NOTE
r-patched-linux-x86_64 0.2.1 3.13 44.89 48.02 OK
r-patched-solaris-x86 0.2.1 81.70 NOTE
r-release-linux-x86_64 0.2.1 2.62 45.38 48.00 OK
r-release-macos-arm64 0.2.1 WARN
r-release-macos-x86_64 0.2.1 NOTE
r-release-windows-ix86+x86_64 0.2.1 6.00 50.00 56.00 OK
r-oldrel-macos-x86_64 0.2.1 NOTE
r-oldrel-windows-ix86+x86_64 0.2.1 6.00 66.00 72.00 OK

Check Details

Version: 0.2.1
Check: dependencies in R code
Result: NOTE
    Namespace in Imports field not imported from: ‘sandwich’
     All declared Imports should be used.
Flavors: r-devel-linux-x86_64-fedora-clang, r-devel-linux-x86_64-fedora-gcc, r-devel-windows-x86_64-gcc10-UCRT, r-patched-solaris-x86, r-release-macos-arm64, r-release-macos-x86_64, r-oldrel-macos-x86_64

Version: 0.2.1
Check: re-building of vignette outputs
Result: WARN
    Error(s) in re-building vignettes:
     ...
    --- re-building ‘DirectEffects.Rmd’ using rmarkdown
    Warning in engine$weave(file, quiet = quiet, encoding = enc) :
     Pandoc (>= 1.12.3) not available. Falling back to R Markdown v1.
    Quitting from lines 150-165 (DirectEffects.Rmd)
    Error: processing vignette 'DirectEffects.Rmd' failed with diagnostics:
    polygon edge not found
    --- failed re-building ‘DirectEffects.Rmd’
    
    SUMMARY: processing the following file failed:
     ‘DirectEffects.Rmd’
    
    Error: Vignette re-building failed.
    Execution halted
Flavor: r-release-macos-arm64