Last updated on 2023-02-09 07:56:46 CET.
Flavor | Version | Tinstall | Tcheck | Ttotal | Status | Flags |
---|---|---|---|---|---|---|
r-devel-linux-x86_64-debian-clang | 2.0.0 | 9.01 | 71.91 | 80.92 | NOTE | |
r-devel-linux-x86_64-debian-gcc | 2.0.0 | 7.09 | 54.10 | 61.19 | NOTE | |
r-devel-linux-x86_64-fedora-clang | 2.0.0 | 113.43 | NOTE | |||
r-devel-linux-x86_64-fedora-gcc | 2.0.0 | 105.43 | NOTE | |||
r-devel-windows-x86_64 | 2.0.0 | 30.00 | 95.00 | 125.00 | NOTE | |
r-patched-linux-x86_64 | 2.0.0 | 8.61 | 68.50 | 77.11 | OK | |
r-release-linux-x86_64 | 2.0.0 | 6.96 | 67.56 | 74.52 | OK | |
r-release-macos-arm64 | 2.0.0 | 26.00 | OK | |||
r-release-macos-x86_64 | 2.0.0 | 47.00 | OK | |||
r-release-windows-x86_64 | 2.0.0 | 21.00 | 102.00 | 123.00 | OK | |
r-oldrel-macos-arm64 | 2.0.0 | 25.00 | OK | |||
r-oldrel-macos-x86_64 | 2.0.0 | 40.00 | OK | |||
r-oldrel-windows-ix86+x86_64 | 2.0.0 | 17.00 | 94.00 | 111.00 | OK |
Version: 2.0.0
Check: Rd files
Result: NOTE
checkRd: (-1) TempDisaggDGP.Rd:79: Escaped LaTeX specials: \&
checkRd: (-1) disaggregate.Rd:56: Escaped LaTeX specials: \&
Flavors: r-devel-linux-x86_64-debian-clang, r-devel-linux-x86_64-debian-gcc, r-devel-linux-x86_64-fedora-clang, r-devel-linux-x86_64-fedora-gcc, r-devel-windows-x86_64