Last updated on 2024-04-26 08:54:55 CEST.
Flavor | Version | Tinstall | Tcheck | Ttotal | Status | Flags |
---|---|---|---|---|---|---|
r-devel-linux-x86_64-debian-clang | 0.2.2 | 101.04 | 59.05 | 160.09 | NOTE | |
r-devel-linux-x86_64-debian-gcc | 0.2.2 | 70.36 | 45.84 | 116.20 | NOTE | |
r-devel-linux-x86_64-fedora-clang | 0.2.2 | 234.83 | NOTE | |||
r-devel-linux-x86_64-fedora-gcc | 0.2.2 | 234.67 | NOTE | |||
r-devel-windows-x86_64 | 0.2.2 | 72.00 | 111.00 | 183.00 | NOTE | |
r-patched-linux-x86_64 | 0.2.2 | 86.65 | 59.26 | 145.91 | NOTE | |
r-release-linux-x86_64 | 0.2.2 | 88.53 | 56.87 | 145.40 | NOTE | |
r-release-macos-arm64 | 0.2.2 | 51.00 | NOTE | |||
r-release-windows-x86_64 | 0.2.2 | 73.00 | 111.00 | 184.00 | NOTE | |
r-oldrel-macos-arm64 | 0.2.2 | 65.00 | NOTE | |||
r-oldrel-macos-x86_64 | 0.2.2 | 102.00 | NOTE | |||
r-oldrel-windows-x86_64 | 0.2.2 | 91.00 | 117.00 | 208.00 | NOTE |
Version: 0.2.2
Check: C++ specification
Result: NOTE
Specified C++11: please drop specification unless essential
Flavors: r-devel-linux-x86_64-debian-clang, r-devel-linux-x86_64-debian-gcc, r-devel-linux-x86_64-fedora-clang, r-devel-linux-x86_64-fedora-gcc, r-devel-windows-x86_64, r-patched-linux-x86_64, r-release-linux-x86_64, r-release-macos-arm64, r-release-windows-x86_64, r-oldrel-macos-arm64, r-oldrel-macos-x86_64, r-oldrel-windows-x86_64
Version: 0.2.2
Check: LazyData
Result: NOTE
'LazyData' is specified without a 'data' directory
Flavors: r-devel-linux-x86_64-debian-clang, r-devel-linux-x86_64-debian-gcc, r-devel-linux-x86_64-fedora-clang, r-devel-linux-x86_64-fedora-gcc, r-devel-windows-x86_64, r-patched-linux-x86_64, r-release-linux-x86_64, r-release-macos-arm64, r-release-windows-x86_64, r-oldrel-macos-arm64, r-oldrel-macos-x86_64, r-oldrel-windows-x86_64