CRAN Package Check Results for Package DynareR

Last updated on 2021-05-18 08:48:09 CEST.

Flavor Version Tinstall Tcheck Ttotal Status Flags
r-devel-linux-x86_64-debian-clang 0.1.1 2.13 24.71 26.84 NOTE
r-devel-linux-x86_64-debian-gcc 0.1.1 1.75 19.75 21.50 NOTE
r-devel-linux-x86_64-fedora-clang 0.1.1 43.48 NOTE
r-devel-linux-x86_64-fedora-gcc 0.1.1 32.00 NOTE
r-devel-windows-ix86+x86_64 0.1.1 6.00 43.00 49.00 NOTE
r-devel-windows-x86_64-gcc10-UCRT 0.1.1 NOTE
r-patched-linux-x86_64 0.1.1 2.37 24.17 26.54 NOTE
r-patched-solaris-x86 0.1.1 49.70 NOTE
r-release-linux-x86_64 0.1.1 2.29 23.99 26.28 OK
r-release-macos-x86_64 0.1.1 OK
r-release-windows-ix86+x86_64 0.1.1 4.00 29.00 33.00 OK
r-oldrel-macos-x86_64 0.1.1 OK
r-oldrel-windows-ix86+x86_64 0.1.1 3.00 39.00 42.00 OK

Check Details

Version: 0.1.1
Check: LazyData
Result: NOTE
     'LazyData' is specified without a 'data' directory
Flavors: r-devel-linux-x86_64-debian-clang, r-devel-linux-x86_64-debian-gcc, r-devel-linux-x86_64-fedora-clang, r-devel-linux-x86_64-fedora-gcc, r-devel-windows-ix86+x86_64, r-devel-windows-x86_64-gcc10-UCRT, r-patched-linux-x86_64, r-patched-solaris-x86