Last updated on 2024-03-12 07:49:52 CET.
Flavor | Version | Tinstall | Tcheck | Ttotal | Status | Flags |
---|---|---|---|---|---|---|
r-devel-linux-x86_64-debian-clang | 0.1.1 | 4.73 | 51.92 | 56.65 | NOTE | |
r-devel-linux-x86_64-debian-gcc | 0.1.1 | 4.13 | 40.64 | 44.77 | NOTE | |
r-devel-linux-x86_64-fedora-clang | 0.1.1 | 73.69 | NOTE | |||
r-devel-linux-x86_64-fedora-gcc | 0.1.1 | 83.40 | NOTE | |||
r-devel-windows-x86_64 | 0.1.1 | 6.00 | 67.00 | 73.00 | NOTE | |
r-patched-linux-x86_64 | 0.1.1 | 3.34 | 49.93 | 53.27 | NOTE | |
r-release-linux-x86_64 | 0.1.1 | 3.60 | 51.41 | 55.01 | NOTE | |
r-release-macos-arm64 | 0.1.1 | 36.00 | NOTE | |||
r-release-macos-x86_64 | 0.1.1 | 50.00 | NOTE | |||
r-release-windows-x86_64 | 0.1.1 | 8.00 | 72.00 | 80.00 | NOTE | |
r-oldrel-macos-arm64 | 0.1.1 | 30.00 | NOTE | |||
r-oldrel-windows-x86_64 | 0.1.1 | 7.00 | 79.00 | 86.00 | NOTE |
Version: 0.1.1
Check: LazyData
Result: NOTE
'LazyData' is specified without a 'data' directory
Flavors: r-devel-linux-x86_64-debian-clang, r-devel-linux-x86_64-debian-gcc, r-devel-linux-x86_64-fedora-clang, r-devel-linux-x86_64-fedora-gcc, r-devel-windows-x86_64, r-patched-linux-x86_64, r-release-linux-x86_64, r-release-macos-arm64, r-release-macos-x86_64, r-release-windows-x86_64, r-oldrel-macos-arm64, r-oldrel-windows-x86_64
Version: 0.1.1
Check: installed package size
Result: NOTE
installed size is 5.1Mb
sub-directories of 1Mb or more:
extdata 4.8Mb
Flavor: r-devel-linux-x86_64-fedora-clang
Version: 0.1.1
Check: dependencies in R code
Result: NOTE
Namespace in Imports field not imported from: ‘hms’
All declared Imports should be used.
Flavors: r-devel-linux-x86_64-fedora-clang, r-devel-linux-x86_64-fedora-gcc, r-oldrel-macos-arm64