CRAN Package Check Results for Package EATME

Last updated on 2024-06-15 08:49:36 CEST.

Flavor Version Tinstall Tcheck Ttotal Status Flags
r-devel-linux-x86_64-debian-clang 0.1.0 3.17 65.38 68.55 OK
r-devel-linux-x86_64-debian-gcc 0.1.0 2.27 46.07 48.34 OK
r-devel-linux-x86_64-fedora-clang 0.1.0 82.43 NOTE
r-devel-linux-x86_64-fedora-gcc 0.1.0 78.01 NOTE
r-devel-windows-x86_64 0.1.0 3.00 72.00 75.00 OK
r-patched-linux-x86_64 0.1.0 2.61 61.82 64.43 OK
r-release-linux-x86_64 0.1.0 2.13 59.67 61.80 OK
r-release-macos-arm64 0.1.0 29.00 OK
r-release-macos-x86_64 0.1.0 41.00 OK
r-release-windows-x86_64 0.1.0 5.00 82.00 87.00 OK
r-oldrel-macos-arm64 0.1.0 32.00 OK
r-oldrel-macos-x86_64 0.1.0 37.00 OK
r-oldrel-windows-x86_64 0.1.0 4.00 79.00 83.00 OK

Check Details

Version: 0.1.0
Check: dependencies in R code
Result: NOTE Namespace in Imports field not imported from: ‘qcr’ All declared Imports should be used. Flavors: r-devel-linux-x86_64-fedora-clang, r-devel-linux-x86_64-fedora-gcc