CRAN Package Check Results for Package EDFIR

Last updated on 2021-07-29 09:53:21 CEST.

Flavor Version Tinstall Tcheck Ttotal Status Flags
r-devel-linux-x86_64-debian-clang 1.0 NOTE
r-devel-linux-x86_64-debian-gcc 1.0 2.15 24.20 26.35 NOTE
r-devel-linux-x86_64-fedora-clang 1.0 50.96 NOTE
r-devel-linux-x86_64-fedora-gcc 1.0 38.89 NOTE
r-devel-windows-x86_64 1.0 4.00 51.00 55.00 OK
r-devel-windows-x86_64-gcc10-UCRT 1.0 OK
r-patched-linux-x86_64 1.0 4.74 29.24 33.98 NOTE
r-patched-solaris-x86 1.0 62.10 NOTE
r-release-linux-x86_64 1.0 2.71 29.48 32.19 NOTE
r-release-macos-arm64 1.0 OK
r-release-macos-x86_64 1.0 OK
r-release-windows-ix86+x86_64 1.0 7.00 36.00 43.00 OK
r-oldrel-macos-x86_64 1.0 OK
r-oldrel-windows-ix86+x86_64 1.0 5.00 49.00 54.00 OK

Check Details

Version: 1.0
Check: for non-standard things in the check directory
Result: NOTE
    Found the following files/directories:
     'tmplp.dat'
Flavors: r-devel-linux-x86_64-debian-clang, r-devel-linux-x86_64-debian-gcc, r-devel-linux-x86_64-fedora-clang, r-devel-linux-x86_64-fedora-gcc, r-patched-linux-x86_64, r-patched-solaris-x86, r-release-linux-x86_64