Last updated on 2024-04-18 08:54:27 CEST.
Flavor | Version | Tinstall | Tcheck | Ttotal | Status | Flags |
---|---|---|---|---|---|---|
r-devel-linux-x86_64-debian-clang | 0.2.5 | 17.42 | 146.24 | 163.66 | OK | |
r-devel-linux-x86_64-debian-gcc | 0.2.5 | 15.21 | 107.88 | 123.09 | OK | |
r-devel-linux-x86_64-fedora-clang | 0.2.5 | 207.88 | OK | |||
r-devel-linux-x86_64-fedora-gcc | 0.2.5 | 195.99 | OK | |||
r-prerel-macos-arm64 | 0.2.5 | 5.00 | ERROR | |||
r-prerel-macos-x86_64 | 0.2.5 | 7.00 | ERROR | |||
r-prerel-windows-x86_64 | 0.2.5 | 14.00 | 120.00 | 134.00 | OK | |
r-patched-linux-x86_64 | 0.2.2 | 12.24 | 137.58 | 149.82 | OK | |
r-release-linux-x86_64 | 0.2.2 | 16.37 | 140.98 | 157.35 | OK | |
r-release-macos-arm64 | 0.2.5 | 9.00 | ERROR | |||
r-release-macos-x86_64 | 0.2.5 | 7.00 | ERROR | |||
r-release-windows-x86_64 | 0.2.5 | 14.00 | 140.00 | 154.00 | OK | |
r-oldrel-macos-arm64 | 0.2.5 | 10.00 | ERROR | |||
r-oldrel-windows-x86_64 | 0.2.5 | 15.00 | 161.00 | 176.00 | OK |
Version: 0.2.5
Check: package dependencies
Result: ERROR
Package required but not available: ‘opGMMassessment’
See section ‘The DESCRIPTION file’ in the ‘Writing R Extensions’
manual.
Flavors: r-prerel-macos-arm64, r-prerel-macos-x86_64, r-release-macos-arm64, r-release-macos-x86_64, r-oldrel-macos-arm64