Last updated on 2024-03-12 07:49:52 CET.
Flavor | Version | Tinstall | Tcheck | Ttotal | Status | Flags |
---|---|---|---|---|---|---|
r-devel-linux-x86_64-debian-clang | 0.4.4 | 93.59 | 424.89 | 518.48 | NOTE | |
r-devel-linux-x86_64-debian-gcc | 0.4.4 | 80.87 | 326.45 | 407.32 | NOTE | |
r-devel-linux-x86_64-fedora-clang | 0.4.4 | 682.79 | NOTE | |||
r-devel-linux-x86_64-fedora-gcc | 0.4.4 | 731.62 | NOTE | |||
r-devel-windows-x86_64 | 0.4.4 | 79.00 | 361.00 | 440.00 | NOTE | |
r-patched-linux-x86_64 | 0.4.4 | 72.99 | 428.12 | 501.11 | NOTE | |
r-release-linux-x86_64 | 0.4.4 | 80.72 | 449.90 | 530.62 | NOTE | |
r-release-macos-arm64 | 0.4.4 | 186.00 | NOTE | |||
r-release-macos-x86_64 | 0.4.4 | 332.00 | NOTE | |||
r-release-windows-x86_64 | 0.4.4 | 98.00 | 464.00 | 562.00 | NOTE | |
r-oldrel-macos-arm64 | 0.4.4 | 166.00 | OK | |||
r-oldrel-windows-x86_64 | 0.4.4 | 95.00 | 441.00 | 536.00 | OK |
Version: 0.4.4
Check: C++ specification
Result: NOTE
Specified C++11: please drop specification unless essential
Flavors: r-devel-linux-x86_64-debian-clang, r-devel-linux-x86_64-debian-gcc, r-devel-linux-x86_64-fedora-clang, r-devel-linux-x86_64-fedora-gcc, r-devel-windows-x86_64, r-patched-linux-x86_64, r-release-linux-x86_64, r-release-macos-arm64, r-release-macos-x86_64, r-release-windows-x86_64
Version: 0.4.4
Check: dependencies in R code
Result: NOTE
Namespace in Imports field not imported from: ‘progress’
All declared Imports should be used.
Flavors: r-devel-linux-x86_64-fedora-clang, r-devel-linux-x86_64-fedora-gcc