Last updated on 2024-03-12 07:49:52 CET.
Flavor | Version | Tinstall | Tcheck | Ttotal | Status | Flags |
---|---|---|---|---|---|---|
r-devel-linux-x86_64-debian-clang | 0.1.4 | 60.24 | 77.68 | 137.92 | OK | |
r-devel-linux-x86_64-debian-gcc | 0.1.4 | 54.06 | 58.55 | 112.61 | OK | |
r-devel-linux-x86_64-fedora-clang | 0.1.4 | 195.18 | OK | |||
r-devel-linux-x86_64-fedora-gcc | 0.1.4 | 204.10 | OK | |||
r-devel-windows-x86_64 | 0.1.4 | 51.00 | 108.00 | 159.00 | OK | |
r-patched-linux-x86_64 | 0.1.4 | 59.43 | 77.30 | 136.73 | OK | |
r-release-linux-x86_64 | 0.1.4 | 65.43 | 77.05 | 142.48 | OK | |
r-release-macos-arm64 | 0.1.4 | 55.00 | NOTE | |||
r-release-macos-x86_64 | 0.1.4 | 90.00 | NOTE | |||
r-release-windows-x86_64 | 0.1.4 | 67.00 | 119.00 | 186.00 | OK | |
r-oldrel-macos-arm64 | 0.1.4 | 55.00 | NOTE | |||
r-oldrel-windows-x86_64 | 0.1.4 | 60.00 | 118.00 | 178.00 | OK |
Version: 0.1.4
Check: installed package size
Result: NOTE
installed size is 6.0Mb
sub-directories of 1Mb or more:
data 2.0Mb
libs 3.9Mb
Flavors: r-release-macos-arm64, r-release-macos-x86_64, r-oldrel-macos-arm64