CRAN Package Check Results for Package ETC

Last updated on 2021-10-20 08:49:22 CEST.

Flavor Version Tinstall Tcheck Ttotal Status Flags
r-devel-linux-x86_64-debian-clang 1.3 3.17 26.09 29.26 NOTE
r-devel-linux-x86_64-debian-gcc 1.3 2.24 20.64 22.88 NOTE
r-devel-linux-x86_64-fedora-clang 1.3 47.40 NOTE
r-devel-linux-x86_64-fedora-gcc 1.3 35.12 NOTE
r-devel-windows-x86_64 1.3 5.00 45.00 50.00 NOTE
r-devel-windows-x86_64-gcc10-UCRT 1.3 NOTE
r-patched-linux-x86_64 1.3 2.70 25.78 28.48 NOTE
r-patched-solaris-x86 1.3 55.80 NOTE
r-release-linux-x86_64 1.3 2.52 26.04 28.56 NOTE
r-release-macos-arm64 1.3 NOTE
r-release-macos-x86_64 1.3 NOTE
r-release-windows-ix86+x86_64 1.3 4.00 41.00 45.00 NOTE
r-oldrel-macos-x86_64 1.3 NOTE
r-oldrel-windows-ix86+x86_64 1.3 6.00 43.00 49.00 NOTE

Check Details

Version: 1.3
Check: R code for possible problems
Result: NOTE
    etc.diff: no visible global function definition for 'model.frame'
    etc.diff: no visible binding for global variable 'sd'
    etc.diff: no visible global function definition for 'qt'
    etc.diff: no visible global function definition for 'pt'
    etc.diff: no visible global function definition for 'wilcox.test'
    etc.rat: no visible global function definition for 'model.frame'
    etc.rat: no visible binding for global variable 'sd'
    etc.rat: no visible global function definition for 'qt'
    etc.rat: no visible global function definition for 'pt'
    Undefined global functions or variables:
     model.frame pt qt sd wilcox.test
    Consider adding
     importFrom("stats", "model.frame", "pt", "qt", "sd", "wilcox.test")
    to your NAMESPACE file.
Flavors: r-devel-linux-x86_64-debian-clang, r-devel-linux-x86_64-debian-gcc, r-devel-linux-x86_64-fedora-clang, r-devel-linux-x86_64-fedora-gcc, r-devel-windows-x86_64, r-devel-windows-x86_64-gcc10-UCRT, r-patched-linux-x86_64, r-patched-solaris-x86, r-release-linux-x86_64, r-release-macos-arm64, r-release-macos-x86_64, r-release-windows-ix86+x86_64, r-oldrel-macos-x86_64, r-oldrel-windows-ix86+x86_64