Last updated on 2024-04-18 08:54:29 CEST.
Flavor | Version | Tinstall | Tcheck | Ttotal | Status | Flags |
---|---|---|---|---|---|---|
r-devel-linux-x86_64-debian-clang | 3.1.1 | 6.53 | 354.58 | 361.11 | OK | |
r-devel-linux-x86_64-debian-gcc | 3.1.1 | 4.71 | 337.55 | 342.26 | OK | |
r-devel-linux-x86_64-fedora-clang | 3.1.1 | 538.68 | NOTE | |||
r-devel-linux-x86_64-fedora-gcc | 3.1.1 | 549.92 | NOTE | |||
r-prerel-macos-arm64 | 3.1.1 | 242.00 | OK | |||
r-prerel-macos-x86_64 | 3.1.1 | 372.00 | OK | |||
r-prerel-windows-x86_64 | 3.1.1 | 5.00 | 398.00 | 403.00 | OK | |
r-patched-linux-x86_64 | 3.1.1 | 3.92 | 406.06 | 409.98 | OK | |
r-release-linux-x86_64 | 3.1.1 | 3.81 | 464.86 | 468.67 | OK | |
r-release-macos-arm64 | 3.1.1 | 253.00 | OK | |||
r-release-macos-x86_64 | 3.1.1 | 317.00 | OK | |||
r-release-windows-x86_64 | 3.1.1 | 8.00 | 654.00 | 662.00 | OK | |
r-oldrel-macos-arm64 | 3.1.1 | 281.00 | NOTE | |||
r-oldrel-windows-x86_64 | 3.1.1 | 8.00 | 411.00 | 419.00 | OK |
Version: 3.1.1
Check: dependencies in R code
Result: NOTE
Namespace in Imports field not imported from: ‘BiocStyle’
All declared Imports should be used.
Flavors: r-devel-linux-x86_64-fedora-clang, r-devel-linux-x86_64-fedora-gcc, r-oldrel-macos-arm64