Last updated on 2024-04-18 08:54:27 CEST.
Flavor | Version | Tinstall | Tcheck | Ttotal | Status | Flags |
---|---|---|---|---|---|---|
r-devel-linux-x86_64-debian-clang | 2.5 | 360.36 | 89.37 | 449.73 | NOTE | |
r-devel-linux-x86_64-debian-gcc | 2.5 | 274.47 | 70.58 | 345.05 | NOTE | |
r-devel-linux-x86_64-fedora-clang | 2.5 | 661.73 | NOTE | |||
r-devel-linux-x86_64-fedora-gcc | 2.5 | 652.57 | NOTE | |||
r-prerel-macos-arm64 | 2.5 | 113.00 | NOTE | |||
r-prerel-windows-x86_64 | 2.5 | 247.00 | 120.00 | 367.00 | NOTE | |
r-patched-linux-x86_64 | 2.5 | 335.34 | 91.34 | 426.68 | NOTE | |
r-release-linux-x86_64 | 2.5 | 299.26 | 89.02 | 388.28 | OK | |
r-release-macos-arm64 | 2.5 | 130.00 | NOTE | |||
r-release-macos-x86_64 | 2.5 | 226.00 | NOTE | |||
r-release-windows-x86_64 | 2.5 | 331.00 | 134.00 | 465.00 | NOTE | |
r-oldrel-macos-arm64 | 2.5 | 118.00 | NOTE | |||
r-oldrel-windows-x86_64 | 2.5 | 303.00 | 127.00 | 430.00 | OK |
Version: 2.5
Check: Rd files
Result: NOTE
checkRd: (-1) AM.Rd:95-98: Lost braces in \itemize; meant \describe ?
checkRd: (-1) AM.Rd:99-102: Lost braces in \itemize; meant \describe ?
checkRd: (-1) AM.Rd:103: Lost braces in \itemize; meant \describe ?
checkRd: (-1) AM.Rd:123-125: Lost braces in \itemize; meant \describe ?
checkRd: (-1) AM.Rd:126-133: Lost braces in \itemize; meant \describe ?
checkRd: (-1) AM.Rd:134-135: Lost braces in \itemize; meant \describe ?
checkRd: (-1) AM.Rd:136-137: Lost braces in \itemize; meant \describe ?
checkRd: (-1) AM.Rd:163-165: Lost braces in \itemize; meant \describe ?
checkRd: (-1) AM.Rd:166-173: Lost braces in \itemize; meant \describe ?
checkRd: (-1) AM.Rd:174-176: Lost braces in \itemize; meant \describe ?
checkRd: (-1) AM.Rd:177-178: Lost braces in \itemize; meant \describe ?
checkRd: (-1) AM.Rd:179-180: Lost braces in \itemize; meant \describe ?
Flavors: r-devel-linux-x86_64-debian-clang, r-devel-linux-x86_64-debian-gcc, r-devel-linux-x86_64-fedora-clang, r-devel-linux-x86_64-fedora-gcc, r-prerel-macos-arm64, r-prerel-windows-x86_64, r-patched-linux-x86_64
Version: 2.5
Check: installed package size
Result: NOTE
installed size is 12.7Mb
sub-directories of 1Mb or more:
libs 11.3Mb
shiny_app 1.1Mb
Flavors: r-prerel-macos-arm64, r-release-macos-arm64, r-release-macos-x86_64, r-oldrel-macos-arm64
Version: 2.5
Check: C++ specification
Result: NOTE
Specified C++11: please drop specification unless essential
Flavors: r-prerel-windows-x86_64, r-release-windows-x86_64