CRAN Package Check Results for Package EnvStats

Last updated on 2021-05-14 09:50:50 CEST.

Flavor Version Tinstall Tcheck Ttotal Status Flags
r-devel-linux-x86_64-debian-clang 2.4.0 69.74 457.16 526.90 OK
r-devel-linux-x86_64-debian-gcc 2.4.0 55.28 325.90 381.18 OK
r-devel-linux-x86_64-fedora-clang 2.4.0 632.79 NOTE
r-devel-linux-x86_64-fedora-gcc 2.4.0 660.92 OK
r-devel-windows-ix86+x86_64 2.4.0 109.00 525.00 634.00 NOTE
r-devel-windows-x86_64-gcc10-UCRT 2.4.0 OK
r-patched-linux-x86_64 2.4.0 80.69 440.04 520.73 OK
r-patched-solaris-x86 2.4.0 675.10 NOTE
r-release-linux-x86_64 2.4.0 62.27 415.02 477.29 OK
r-release-macos-x86_64 2.4.0 NOTE
r-release-windows-ix86+x86_64 2.4.0 76.00 541.00 617.00 NOTE
r-oldrel-macos-x86_64 2.4.0 NOTE
r-oldrel-windows-ix86+x86_64 2.4.0 100.00 494.00 594.00 NOTE

Check Details

Version: 2.4.0
Check: installed package size
Result: NOTE
     installed size is 6.4Mb
     sub-directories of 1Mb or more:
     R 2.3Mb
     help 3.4Mb
Flavors: r-devel-linux-x86_64-fedora-clang, r-devel-windows-ix86+x86_64, r-patched-solaris-x86, r-release-macos-x86_64, r-release-windows-ix86+x86_64, r-oldrel-macos-x86_64, r-oldrel-windows-ix86+x86_64

Version: 2.4.0
Check: Rd cross-references
Result: NOTE
    Undeclared package ‘Hmisc’ in Rd xrefs
Flavor: r-devel-linux-x86_64-fedora-clang