CRAN Package Check Results for Package EventStudy

Last updated on 2024-04-13 08:52:47 CEST.

Flavor Version Tinstall Tcheck Ttotal Status Flags
r-devel-linux-x86_64-debian-clang 0.39.2 16.58 87.48 104.06 NOTE
r-devel-linux-x86_64-debian-gcc 0.39.2 12.59 65.74 78.33 NOTE
r-devel-linux-x86_64-fedora-clang 0.39.2 130.00 NOTE
r-devel-linux-x86_64-fedora-gcc 0.39.2 138.04 NOTE
r-devel-windows-x86_64 0.39.2 16.00 89.00 105.00 NOTE
r-patched-linux-x86_64 0.39.2 11.75 81.02 92.77 NOTE
r-release-linux-x86_64 0.39.2 12.71 82.29 95.00 OK
r-release-macos-arm64 0.39.2 49.00 NOTE
r-release-macos-x86_64 0.39.2 68.00 NOTE
r-release-windows-x86_64 0.39.2 20.00 103.00 123.00 NOTE
r-oldrel-macos-arm64 0.39.2 46.00 NOTE
r-oldrel-windows-x86_64 0.39.2 22.00 101.00 123.00 NOTE

Check Details

Version: 0.39.2
Check: Rd \usage sections
Result: NOTE Documented arguments not in \usage in Rd file 'doHttrRequest.Rd': ‘params’ ‘customConfig’ Documented arguments not in \usage in Rd file 'errorMessage.Rd': ‘test_me’ Documented arguments not in \usage in Rd file 'isError.Rd': ‘test_me’ Functions with \usage entries need to have the appropriate \alias entries, and all their arguments documented. The \usage entries must correspond to syntactically valid R code. See chapter ‘Writing R documentation files’ in the ‘Writing R Extensions’ manual. Flavors: r-devel-linux-x86_64-debian-clang, r-devel-linux-x86_64-debian-gcc, r-devel-linux-x86_64-fedora-clang, r-devel-linux-x86_64-fedora-gcc, r-devel-windows-x86_64, r-patched-linux-x86_64

Version: 0.39.2
Check: installed package size
Result: NOTE installed size is 7.0Mb sub-directories of 1Mb or more: doc 6.0Mb Flavors: r-devel-linux-x86_64-fedora-clang, r-devel-windows-x86_64, r-release-macos-arm64, r-release-macos-x86_64, r-release-windows-x86_64, r-oldrel-macos-arm64, r-oldrel-windows-x86_64

Version: 0.39.2
Check: dependencies in R code
Result: NOTE Namespaces in Imports field not imported from: ‘RColorBrewer’ ‘curl’ ‘scales’ ‘stringr’ All declared Imports should be used. Flavors: r-devel-linux-x86_64-fedora-clang, r-devel-linux-x86_64-fedora-gcc

Version: 0.39.2
Check: Rd cross-references
Result: NOTE Undeclared package ‘R6’ in Rd xrefs Flavor: r-devel-linux-x86_64-fedora-clang