CRAN Package Check Results for Package ExceedanceTools

Last updated on 2021-09-26 08:50:10 CEST.

Flavor Version Tinstall Tcheck Ttotal Status Flags
r-devel-linux-x86_64-debian-clang 1.2.2 9.21 74.03 83.24 NOTE
r-devel-linux-x86_64-debian-gcc 1.2.2 6.36 57.78 64.14 NOTE
r-devel-linux-x86_64-fedora-clang 1.2.2 108.92 NOTE
r-devel-linux-x86_64-fedora-gcc 1.2.2 98.76 NOTE
r-devel-windows-x86_64 1.2.2 8.00 70.00 78.00 NOTE
r-devel-windows-x86_64-gcc10-UCRT 1.2.2 NOTE
r-patched-linux-x86_64 1.2.2 6.95 72.02 78.97 NOTE
r-patched-solaris-x86 1.2.2 150.40 NOTE
r-release-linux-x86_64 1.2.2 8.81 73.16 81.97 NOTE
r-release-macos-arm64 1.2.2 NOTE
r-release-macos-x86_64 1.2.2 NOTE
r-release-windows-ix86+x86_64 1.2.2 18.00 91.00 109.00 NOTE
r-oldrel-macos-x86_64 1.2.2 NOTE
r-oldrel-windows-ix86+x86_64 1.2.2 13.00 69.00 82.00 NOTE

Check Details

Version: 1.2.2
Check: R code for possible problems
Result: NOTE
    plot.pgrid: no visible global function definition for 'image'
    statistic.cv: no visible global function definition for 'quantile'
    statistic.sim: no visible global function definition for 'contourLines'
    Undefined global functions or variables:
     contourLines image quantile
    Consider adding
     importFrom("grDevices", "contourLines")
     importFrom("graphics", "image")
     importFrom("stats", "quantile")
    to your NAMESPACE file.
Flavors: r-devel-linux-x86_64-debian-clang, r-devel-linux-x86_64-debian-gcc, r-devel-linux-x86_64-fedora-clang, r-devel-linux-x86_64-fedora-gcc, r-devel-windows-x86_64, r-devel-windows-x86_64-gcc10-UCRT, r-patched-linux-x86_64, r-patched-solaris-x86, r-release-linux-x86_64, r-release-macos-arm64, r-release-macos-x86_64, r-release-windows-ix86+x86_64, r-oldrel-macos-x86_64, r-oldrel-windows-ix86+x86_64