CRAN Package Check Results for Package ExpDE

Last updated on 2021-05-09 08:50:16 CEST.

Flavor Version Tinstall Tcheck Ttotal Status Flags
r-devel-linux-x86_64-debian-clang 0.1.4 3.11 31.27 34.38 OK
r-devel-linux-x86_64-debian-gcc 0.1.4 2.33 24.29 26.62 OK
r-devel-linux-x86_64-fedora-clang 0.1.4 53.34 OK
r-devel-linux-x86_64-fedora-gcc 0.1.4 42.36 OK
r-devel-windows-ix86+x86_64 0.1.4 6.00 47.00 53.00 OK
r-devel-windows-x86_64-gcc10-UCRT 0.1.4 OK
r-patched-linux-x86_64 0.1.4 4.22 31.03 35.25 OK
r-patched-solaris-x86 0.1.4 59.40 OK
r-release-linux-x86_64 0.1.4 3.50 29.96 33.46 OK
r-release-macos-x86_64 0.1.4 OK
r-release-windows-ix86+x86_64 0.1.4 5.00 34.00 39.00 OK
r-oldrel-macos-x86_64 0.1.4 OK
r-oldrel-windows-ix86+x86_64 0.1.4 5.00 4.00 9.00 ERROR

Check Details

Version: 0.1.4
Check: whether package can be installed
Result: ERROR
    Installation failed.
Flavor: r-oldrel-windows-ix86+x86_64