CRAN Package Check Results for Package ExtractTrainData

Last updated on 2021-04-11 08:48:44 CEST.

Flavor Version Tinstall Tcheck Ttotal Status Flags
r-devel-linux-x86_64-debian-clang 9.1.5 8.78 93.97 102.75 NOTE
r-devel-linux-x86_64-debian-gcc 9.1.5 7.43 70.28 77.71 NOTE
r-devel-linux-x86_64-fedora-clang 9.1.5 130.35 NOTE
r-devel-linux-x86_64-fedora-gcc 9.1.5 116.87 NOTE
r-devel-windows-ix86+x86_64 9.1.5 16.00 74.00 90.00 NOTE
r-devel-windows-x86_64-gcc10-UCRT 9.1.5 NOTE
r-patched-linux-x86_64 9.1.5 7.46 86.52 93.98 OK
r-patched-solaris-x86 9.1.5 183.50 OK
r-release-linux-x86_64 9.1.5 8.97 88.54 97.51 OK
r-release-macos-x86_64 9.1.5 OK
r-release-windows-ix86+x86_64 9.1.5 15.00 107.00 122.00 OK
r-oldrel-macos-x86_64 9.1.5 OK
r-oldrel-windows-ix86+x86_64 9.1.5 18.00 73.00 91.00 OK

Check Details

Version: 9.1.5
Check: LazyData
Result: NOTE
     'LazyData' is specified without a 'data' directory
Flavors: r-devel-linux-x86_64-debian-clang, r-devel-linux-x86_64-debian-gcc, r-devel-linux-x86_64-fedora-clang, r-devel-linux-x86_64-fedora-gcc, r-devel-windows-ix86+x86_64, r-devel-windows-x86_64-gcc10-UCRT