Last updated on 2024-03-12 07:49:53 CET.
Flavor | Version | Tinstall | Tcheck | Ttotal | Status | Flags |
---|---|---|---|---|---|---|
r-devel-linux-x86_64-debian-clang | 1.5.1 | 8.23 | 82.59 | 90.82 | OK | |
r-devel-linux-x86_64-debian-gcc | 1.5.1 | 7.80 | 64.14 | 71.94 | OK | |
r-devel-linux-x86_64-fedora-clang | 1.5.1 | 113.87 | NOTE | |||
r-devel-linux-x86_64-fedora-gcc | 1.5.1 | 120.18 | OK | |||
r-devel-windows-x86_64 | 1.5.1 | 9.00 | 85.00 | 94.00 | OK | |
r-patched-linux-x86_64 | 1.5.1 | 6.96 | 84.18 | 91.14 | OK | |
r-release-linux-x86_64 | 1.5.1 | 10.46 | 83.92 | 94.38 | OK | |
r-release-macos-arm64 | 1.5.1 | 43.00 | OK | |||
r-release-macos-x86_64 | 1.5.1 | 89.00 | OK | |||
r-release-windows-x86_64 | 1.5.1 | 11.00 | 94.00 | 105.00 | OK | |
r-oldrel-macos-arm64 | 1.5.1 | 42.00 | OK | |||
r-oldrel-windows-x86_64 | 1.5.1 | 11.00 | 99.00 | 110.00 | OK |
Version: 1.5.1
Check: Rd cross-references
Result: NOTE
Undeclared packages ‘MLEcens’, ‘Icens’ in Rd xrefs
Flavor: r-devel-linux-x86_64-fedora-clang