Last updated on 2023-03-24 07:54:40 CET.
Flavor | Version | Tinstall | Tcheck | Ttotal | Status | Flags |
---|---|---|---|---|---|---|
r-devel-linux-x86_64-debian-clang | 1.1.4 | 64.29 | 123.20 | 187.49 | OK | |
r-devel-linux-x86_64-debian-gcc | 1.1.5 | 50.27 | 89.94 | 140.21 | OK | |
r-devel-linux-x86_64-fedora-clang | 1.1.5 | 252.14 | OK | |||
r-devel-linux-x86_64-fedora-gcc | 1.1.5 | 228.46 | OK | |||
r-devel-windows-x86_64 | 1.1.5 | 116.00 | 161.00 | 277.00 | OK | |
r-patched-linux-x86_64 | 1.1.4 | 54.04 | 114.23 | 168.27 | OK | |
r-release-linux-x86_64 | 1.1.5 | 51.55 | 116.57 | 168.12 | OK | |
r-release-macos-arm64 | 1.1.5 | 46.00 | NOTE | |||
r-release-macos-x86_64 | 1.1.5 | 78.00 | NOTE | |||
r-release-windows-x86_64 | 1.1.5 | 108.00 | 160.00 | 268.00 | OK | |
r-oldrel-macos-arm64 | 1.1.5 | 45.00 | NOTE | |||
r-oldrel-macos-x86_64 | 1.1.5 | 78.00 | NOTE | |||
r-oldrel-windows-ix86+x86_64 | 1.1.5 | 124.00 | 187.00 | 311.00 | NOTE |
Version: 1.1.5
Check: installed package size
Result: NOTE
installed size is 7.0Mb
sub-directories of 1Mb or more:
data 3.1Mb
libs 3.2Mb
Flavors: r-release-macos-arm64, r-release-macos-x86_64, r-oldrel-macos-arm64, r-oldrel-macos-x86_64, r-oldrel-windows-ix86+x86_64