Last updated on 2024-04-24 07:57:39 CEST.
Flavor | Version | Tinstall | Tcheck | Ttotal | Status | Flags |
---|---|---|---|---|---|---|
r-devel-linux-x86_64-debian-clang | 0.3.1 | 3.96 | 90.94 | 94.90 | OK | |
r-devel-linux-x86_64-debian-gcc | 0.3.1 | 3.36 | 52.27 | 55.63 | OK | |
r-devel-linux-x86_64-fedora-clang | 0.3.1 | 121.97 | NOTE | |||
r-devel-linux-x86_64-fedora-gcc | 0.3.1 | 101.51 | NOTE | |||
r-prerel-macos-arm64 | 0.3.1 | 37.00 | OK | |||
r-prerel-windows-x86_64 | 0.3.1 | 6.00 | 73.00 | 79.00 | OK | |
r-patched-linux-x86_64 | 0.3.1 | 4.40 | 66.49 | 70.89 | OK | |
r-release-linux-x86_64 | 0.3.1 | 4.45 | 62.89 | 67.34 | OK | |
r-release-macos-arm64 | 0.3.1 | 37.00 | OK | |||
r-release-macos-x86_64 | 0.3.1 | 63.00 | OK | |||
r-release-windows-x86_64 | 0.3.1 | 6.00 | 77.00 | 83.00 | OK | |
r-oldrel-macos-arm64 | 0.3.1 | 29.00 | OK | |||
r-oldrel-windows-x86_64 | 0.3.1 | 7.00 | 82.00 | 89.00 | OK |
Version: 0.3.1
Check: dependencies in R code
Result: NOTE
Namespace in Imports field not imported from: ‘mathjaxr’
All declared Imports should be used.
Flavors: r-devel-linux-x86_64-fedora-clang, r-devel-linux-x86_64-fedora-gcc