CRAN Package Check Results for Package FKF.SP

Last updated on 2023-12-09 07:49:31 CET.

Flavor Version Tinstall Tcheck Ttotal Status Flags
r-devel-linux-x86_64-debian-clang 0.3.1 4.71 89.03 93.74 OK
r-devel-linux-x86_64-debian-gcc 0.3.1 3.08 51.12 54.20 OK
r-devel-linux-x86_64-fedora-clang 0.3.1 117.71 NOTE
r-devel-linux-x86_64-fedora-gcc 0.3.1 97.10 NOTE
r-devel-windows-x86_64 0.3.1 7.00 69.00 76.00 OK
r-patched-linux-x86_64 0.3.1 4.38 64.70 69.08 OK
r-release-linux-x86_64 0.3.1 4.16 63.10 67.26 OK
r-release-macos-arm64 0.3.1 37.00 OK
r-release-macos-x86_64 0.3.1 63.00 OK
r-release-windows-x86_64 0.3.1 8.00 78.00 86.00 OK
r-oldrel-macos-arm64 0.3.1 29.00 OK
r-oldrel-macos-x86_64 0.3.1 41.00 NOTE
r-oldrel-windows-x86_64 0.3.1 9.00 77.00 86.00 OK

Check Details

Version: 0.3.1
Check: dependencies in R code
Result: NOTE Namespace in Imports field not imported from: ‘mathjaxr’ All declared Imports should be used. Flavors: r-devel-linux-x86_64-fedora-clang, r-devel-linux-x86_64-fedora-gcc, r-oldrel-macos-x86_64